CRAN Package Check Results for Package FABInference

Last updated on 2022-05-28 15:50:57 CEST.

Flavor Version Tinstall Tcheck Ttotal Status Flags
r-devel-linux-x86_64-debian-clang 0.1 2.43 43.06 45.49 NOTE
r-devel-linux-x86_64-debian-gcc 0.1 2.00 32.71 34.71 NOTE
r-devel-linux-x86_64-fedora-clang 0.1 54.00 NOTE
r-devel-linux-x86_64-fedora-gcc 0.1 56.61 NOTE
r-devel-windows-x86_64 0.1 19.00 58.00 77.00 NOTE
r-patched-linux-x86_64 0.1 2.43 42.26 44.69 NOTE
r-release-linux-x86_64 0.1 1.98 42.23 44.21 NOTE
r-release-macos-arm64 0.1 15.00 NOTE
r-release-macos-x86_64 0.1 23.00 NOTE
r-release-windows-x86_64 0.1 29.00 58.00 87.00 NOTE
r-oldrel-macos-arm64 0.1 19.00 NOTE
r-oldrel-macos-x86_64 0.1 29.00 NOTE
r-oldrel-windows-ix86+x86_64 0.1 8.00 55.00 63.00 NOTE

Check Details

Version: 0.1
Check: LazyData
Result: NOTE
     'LazyData' is specified without a 'data' directory
Flavors: r-devel-linux-x86_64-debian-clang, r-devel-linux-x86_64-debian-gcc, r-devel-linux-x86_64-fedora-clang, r-devel-linux-x86_64-fedora-gcc, r-devel-windows-x86_64, r-patched-linux-x86_64, r-release-linux-x86_64, r-release-macos-arm64, r-release-macos-x86_64, r-release-windows-x86_64, r-oldrel-macos-arm64, r-oldrel-macos-x86_64, r-oldrel-windows-ix86+x86_64