CRAN Package Check Results for Package ExcessMass

Last updated on 2022-05-28 15:50:56 CEST.

Flavor Version Tinstall Tcheck Ttotal Status Flags
r-devel-linux-x86_64-debian-clang 1.0 3.09 50.59 53.68 NOTE
r-devel-linux-x86_64-debian-gcc 1.0 2.43 38.12 40.55 NOTE
r-devel-linux-x86_64-fedora-clang 1.0 62.85 OK
r-devel-linux-x86_64-fedora-gcc 1.0 64.74 OK
r-devel-windows-x86_64 1.0 13.00 64.00 77.00 OK
r-patched-linux-x86_64 1.0 2.38 48.19 50.57 OK
r-release-linux-x86_64 1.0 2.37 48.57 50.94 OK
r-release-macos-arm64 1.0 20.00 OK
r-release-macos-x86_64 1.0 26.00 OK
r-release-windows-x86_64 1.0 12.00 66.00 78.00 OK
r-oldrel-macos-arm64 1.0 23.00 OK
r-oldrel-macos-x86_64 1.0 39.00 OK
r-oldrel-windows-ix86+x86_64 1.0 6.00 63.00 69.00 OK

Check Details

Version: 1.0
Check: HTML version of manual
Result: NOTE
    Found the following problems:
    exmsilhouette.Rd:100:38: Warning: nested emphasis <code>
    exmsilhouette.Rd:104:38: Warning: nested emphasis <code>
    exmsilhouette.Rd:108:38: Warning: nested emphasis <code>
Flavors: r-devel-linux-x86_64-debian-clang, r-devel-linux-x86_64-debian-gcc