CRAN Package Check Results for Package EvoPhylo

Last updated on 2022-12-05 15:54:17 CET.

Flavor Version Tinstall Tcheck Ttotal Status Flags
r-devel-linux-x86_64-debian-clang 0.3.2 13.28 305.89 319.17 OK
r-devel-linux-x86_64-debian-gcc 0.3.2 10.26 220.28 230.54 OK
r-devel-linux-x86_64-fedora-clang 0.3.2 382.04 NOTE
r-devel-linux-x86_64-fedora-gcc 0.3.2 389.75 OK
r-devel-windows-x86_64 0.3.2 51.00 342.00 393.00 NOTE
r-patched-linux-x86_64 0.3.2 17.36 284.05 301.41 OK
r-release-linux-x86_64 0.3.2 10.17 259.10 269.27 OK
r-release-macos-arm64 0.3.2 146.00 NOTE
r-release-macos-x86_64 0.3.2 164.00 NOTE
r-release-windows-x86_64 0.3.2 47.00 341.00 388.00 NOTE
r-oldrel-macos-arm64 0.3.2 10.00 ERROR
r-oldrel-macos-x86_64 0.3.2 12.00 ERROR
r-oldrel-windows-ix86+x86_64 0.3.2 33.00 337.00 370.00 NOTE

Check Details

Version: 0.3.2
Check: installed package size
Result: NOTE
     installed size is 6.8Mb
     sub-directories of 1Mb or more:
     data 2.5Mb
     doc 1.6Mb
     extdata 2.4Mb
Flavors: r-devel-linux-x86_64-fedora-clang, r-devel-windows-x86_64, r-release-macos-arm64, r-release-macos-x86_64, r-release-windows-x86_64, r-oldrel-windows-ix86+x86_64

Version: 0.3.2
Check: package dependencies
Result: ERROR
    Package required and available but unsuitable version: ‘ggtree’
    
    See section ‘The DESCRIPTION file’ in the ‘Writing R Extensions’
    manual.
Flavors: r-oldrel-macos-arm64, r-oldrel-macos-x86_64