CRAN Package Check Results for Package Evacluster

Last updated on 2024-02-26 15:52:59 CET.

Flavor Version Tinstall Tcheck Ttotal Status Flags
r-devel-linux-x86_64-debian-clang 0.1.0 2.68 41.26 43.94 NOTE
r-devel-linux-x86_64-debian-gcc 0.1.0 2.01 30.87 32.88 NOTE
r-devel-linux-x86_64-fedora-clang 0.1.0 55.53 NOTE
r-devel-linux-x86_64-fedora-gcc 0.1.0 54.05 NOTE
r-devel-windows-x86_64 0.1.0 3.00 58.00 61.00 OK
r-patched-linux-x86_64 0.1.0 2.87 39.82 42.69 OK
r-release-linux-x86_64 0.1.0 2.12 39.50 41.62 OK
r-release-macos-arm64 0.1.0 21.00 OK
r-release-macos-x86_64 0.1.0 33.00 OK
r-release-windows-x86_64 0.1.0 3.00 64.00 67.00 OK
r-oldrel-macos-arm64 0.1.0 21.00 OK
r-oldrel-windows-x86_64 0.1.0 4.00 65.00 69.00 OK

Check Details

Version: 0.1.0
Check: Rd files
Result: NOTE checkRd: (-1) FuzzyCluster.Rd:15: Lost braces; missing escapes or markup? 15 | A list of cluster labels and a R object of class "fcm {ppclust}" | ^ checkRd: (-1) pamCluster.Rd:15: Lost braces; missing escapes or markup? 15 | A list of cluster labels and a R object of class "pam {cluster}" | ^ Flavors: r-devel-linux-x86_64-debian-clang, r-devel-linux-x86_64-debian-gcc, r-devel-linux-x86_64-fedora-clang, r-devel-linux-x86_64-fedora-gcc