Last updated on 2025-06-14 04:50:14 CEST.
Flavor | Version | Tinstall | Tcheck | Ttotal | Status | Flags |
---|---|---|---|---|---|---|
r-devel-linux-x86_64-debian-clang | 2.5.0 | 29.75 | 562.94 | 592.69 | OK | |
r-devel-linux-x86_64-debian-gcc | 2.5.0 | 19.73 | 365.46 | 385.19 | OK | |
r-devel-linux-x86_64-fedora-clang | 2.5.0 | 960.36 | OK | |||
r-devel-linux-x86_64-fedora-gcc | 2.5.0 | 926.05 | OK | |||
r-devel-windows-x86_64 | 2.5.0 | 33.00 | 527.00 | 560.00 | OK | |
r-patched-linux-x86_64 | 2.5.0 | 30.24 | 520.85 | 551.09 | OK | |
r-release-linux-x86_64 | 2.5.0 | 28.14 | 515.84 | 543.98 | OK | |
r-release-macos-arm64 | 2.5.0 | 219.00 | OK | |||
r-release-macos-x86_64 | 2.5.0 | 501.00 | OK | |||
r-release-windows-x86_64 | 2.5.0 | 34.00 | 535.00 | 569.00 | OK | |
r-oldrel-macos-arm64 | 2.5.0 | 160.00 | OK | |||
r-oldrel-macos-x86_64 | 2.5.0 | 276.00 | OK | |||
r-oldrel-windows-x86_64 | 2.5.0 | 49.00 | 720.00 | 769.00 | NOTE |
Version: 2.5.0
Check: installed package size
Result: NOTE
installed size is 5.1Mb
sub-directories of 1Mb or more:
doc 2.8Mb
Flavor: r-oldrel-windows-x86_64