CRAN Package Check Results for Package EntropyMCMC

Last updated on 2024-06-15 15:49:05 CEST.

Flavor Version Tinstall Tcheck Ttotal Status Flags
r-devel-linux-x86_64-debian-clang 1.0.4 18.89 146.71 165.60 OK
r-devel-linux-x86_64-debian-gcc 1.0.4 12.38 108.67 121.05 OK
r-devel-linux-x86_64-fedora-clang 1.0.4 203.29 OK
r-devel-linux-x86_64-fedora-gcc 1.0.4 192.08 OK
r-devel-windows-x86_64 1.0.4 17.00 113.00 130.00 OK
r-patched-linux-x86_64 1.0.4 18.42 140.99 159.41 OK
r-release-linux-x86_64 1.0.4 11.39 141.60 152.99 OK
r-release-macos-arm64 1.0.4 56.00 NOTE
r-release-macos-x86_64 1.0.4 87.00 NOTE
r-release-windows-x86_64 1.0.4 17.00 116.00 133.00 OK
r-oldrel-macos-arm64 1.0.4 59.00 NOTE
r-oldrel-macos-x86_64 1.0.4 94.00 NOTE
r-oldrel-windows-x86_64 1.0.4 22.00 148.00 170.00 OK

Check Details

Version: 1.0.4
Check: package dependencies
Result: NOTE Package suggested but not available for checking: ‘Rmpi’ Flavors: r-release-macos-arm64, r-release-macos-x86_64, r-oldrel-macos-arm64, r-oldrel-macos-x86_64