Last updated on 2022-06-28 03:51:31 CEST.
Flavor | Version | Tinstall | Tcheck | Ttotal | Status | Flags |
---|---|---|---|---|---|---|
r-devel-linux-x86_64-debian-clang | 1.0.4 | 13.29 | 111.86 | 125.15 | OK | |
r-devel-linux-x86_64-debian-gcc | 1.0.4 | 9.29 | 83.03 | 92.32 | OK | |
r-devel-linux-x86_64-fedora-clang | 1.0.4 | 155.21 | OK | |||
r-devel-linux-x86_64-fedora-gcc | 1.0.4 | 155.84 | OK | |||
r-devel-windows-x86_64 | 1.0.4 | 35.00 | 128.00 | 163.00 | OK | |
r-patched-linux-x86_64 | 1.0.4 | 14.65 | 109.24 | 123.89 | OK | |
r-release-linux-x86_64 | 1.0.4 | 11.65 | 106.61 | 118.26 | OK | |
r-release-macos-arm64 | 1.0.4 | 41.00 | NOTE | |||
r-release-macos-x86_64 | 1.0.4 | 60.00 | NOTE | |||
r-release-windows-x86_64 | 1.0.4 | 52.00 | 129.00 | 181.00 | OK | |
r-oldrel-macos-arm64 | 1.0.4 | 48.00 | NOTE | |||
r-oldrel-macos-x86_64 | 1.0.4 | 85.00 | NOTE | |||
r-oldrel-windows-ix86+x86_64 | 1.0.4 | 26.00 | 178.00 | 204.00 | OK |
Version: 1.0.4
Check: package dependencies
Result: NOTE
Package suggested but not available for checking: ‘Rmpi’
Flavors: r-release-macos-arm64, r-release-macos-x86_64, r-oldrel-macos-arm64, r-oldrel-macos-x86_64