CRAN Package Check Results for Package EcotoneFinder

Last updated on 2024-04-18 15:53:49 CEST.

Flavor Version Tinstall Tcheck Ttotal Status Flags
r-devel-linux-x86_64-debian-clang 0.2.3 4.07 114.36 118.43 NOTE
r-devel-linux-x86_64-debian-gcc 0.2.3 4.63 79.91 84.54 NOTE
r-devel-linux-x86_64-fedora-clang 0.2.3 159.36 NOTE
r-devel-linux-x86_64-fedora-gcc 0.2.3 148.65 NOTE
r-prerel-macos-arm64 0.2.3 40.00 NOTE
r-prerel-windows-x86_64 0.2.3 6.00 104.00 110.00 NOTE
r-patched-linux-x86_64 0.2.3 3.94 106.53 110.47 NOTE
r-release-linux-x86_64 0.2.3 3.40 109.40 112.80 NOTE
r-release-macos-arm64 0.2.3 44.00 NOTE
r-release-macos-x86_64 0.2.3 76.00 NOTE
r-release-windows-x86_64 0.2.3 8.00 131.00 139.00 NOTE
r-oldrel-macos-arm64 0.2.3 38.00 NOTE
r-oldrel-windows-x86_64 0.2.3 8.00 127.00 135.00 NOTE

Check Details

Version: 0.2.3
Check: LazyData
Result: NOTE 'LazyData' is specified without a 'data' directory Flavors: r-devel-linux-x86_64-debian-clang, r-devel-linux-x86_64-debian-gcc, r-devel-linux-x86_64-fedora-clang, r-devel-linux-x86_64-fedora-gcc, r-prerel-macos-arm64, r-prerel-windows-x86_64, r-patched-linux-x86_64, r-release-linux-x86_64, r-release-macos-arm64, r-release-macos-x86_64, r-release-windows-x86_64, r-oldrel-macos-arm64, r-oldrel-windows-x86_64

Version: 0.2.3
Check: dependencies in R code
Result: NOTE Namespaces in Imports field not imported from: ‘Rmisc’ ‘rlang’ All declared Imports should be used. Flavors: r-devel-linux-x86_64-fedora-clang, r-devel-linux-x86_64-fedora-gcc, r-oldrel-macos-arm64