CRAN Package Check Results for Package EcotoneFinder

Last updated on 2022-05-18 15:49:01 CEST.

Flavor Version Tinstall Tcheck Ttotal Status Flags
r-devel-linux-x86_64-debian-clang 0.2.3 6.04 119.45 125.49 NOTE
r-devel-linux-x86_64-debian-gcc 0.2.3 3.86 88.38 92.24 NOTE
r-devel-linux-x86_64-fedora-clang 0.2.3 145.16 NOTE
r-devel-linux-x86_64-fedora-gcc 0.2.3 145.60 NOTE
r-devel-windows-x86_64 0.2.3 36.00 151.00 187.00 NOTE
r-patched-linux-x86_64 0.2.3 4.81 114.34 119.15 NOTE
r-release-linux-x86_64 0.2.3 3.33 112.10 115.43 NOTE
r-release-macos-arm64 0.2.3 38.00 NOTE
r-release-macos-x86_64 0.2.3 59.00 NOTE
r-release-windows-x86_64 0.2.3 30.00 141.00 171.00 NOTE
r-oldrel-macos-arm64 0.2.3 45.00 NOTE
r-oldrel-macos-x86_64 0.2.3 80.00 NOTE
r-oldrel-windows-ix86+x86_64 0.2.3 12.00 142.00 154.00 NOTE

Check Details

Version: 0.2.3
Check: LazyData
Result: NOTE
     'LazyData' is specified without a 'data' directory
Flavors: r-devel-linux-x86_64-debian-clang, r-devel-linux-x86_64-debian-gcc, r-devel-linux-x86_64-fedora-clang, r-devel-linux-x86_64-fedora-gcc, r-devel-windows-x86_64, r-patched-linux-x86_64, r-release-linux-x86_64, r-release-macos-arm64, r-release-macos-x86_64, r-release-windows-x86_64, r-oldrel-macos-arm64, r-oldrel-macos-x86_64, r-oldrel-windows-ix86+x86_64

Version: 0.2.3
Check: dependencies in R code
Result: NOTE
    Namespaces in Imports field not imported from:
     ‘Rmisc’ ‘rlang’
     All declared Imports should be used.
Flavors: r-devel-linux-x86_64-fedora-clang, r-devel-linux-x86_64-fedora-gcc, r-release-macos-arm64, r-release-macos-x86_64, r-oldrel-macos-arm64, r-oldrel-macos-x86_64