Last updated on 2023-06-10 03:56:21 CEST.
Flavor | Version | Tinstall | Tcheck | Ttotal | Status | Flags |
---|---|---|---|---|---|---|
r-devel-linux-x86_64-debian-clang | 0.2.3 | 4.59 | 109.00 | 113.59 | NOTE | |
r-devel-linux-x86_64-debian-gcc | 0.2.3 | 4.72 | 83.07 | 87.79 | NOTE | |
r-devel-linux-x86_64-fedora-clang | 0.2.3 | 143.14 | NOTE | |||
r-devel-linux-x86_64-fedora-gcc | 0.2.3 | 140.81 | NOTE | |||
r-devel-windows-x86_64 | 0.2.3 | 6.00 | 107.00 | 113.00 | NOTE | |
r-patched-linux-x86_64 | 0.2.3 | 5.44 | 107.42 | 112.86 | NOTE | |
r-release-linux-x86_64 | 0.2.3 | 3.44 | 107.03 | 110.47 | NOTE | |
r-release-macos-arm64 | 0.2.3 | 44.00 | NOTE | |||
r-release-macos-x86_64 | 0.2.3 | 76.00 | NOTE | |||
r-release-windows-x86_64 | 0.2.3 | 7.00 | 129.00 | 136.00 | NOTE | |
r-oldrel-macos-arm64 | 0.2.3 | 38.00 | NOTE | |||
r-oldrel-macos-x86_64 | 0.2.3 | 59.00 | NOTE | |||
r-oldrel-windows-x86_64 | 0.2.3 | 9.00 | 127.00 | 136.00 | NOTE |
Version: 0.2.3
Check: LazyData
Result: NOTE
'LazyData' is specified without a 'data' directory
Flavors: r-devel-linux-x86_64-debian-clang, r-devel-linux-x86_64-debian-gcc, r-devel-linux-x86_64-fedora-clang, r-devel-linux-x86_64-fedora-gcc, r-devel-windows-x86_64, r-patched-linux-x86_64, r-release-linux-x86_64, r-release-macos-arm64, r-release-macos-x86_64, r-release-windows-x86_64, r-oldrel-macos-arm64, r-oldrel-macos-x86_64, r-oldrel-windows-x86_64
Version: 0.2.3
Check: dependencies in R code
Result: NOTE
Namespaces in Imports field not imported from:
‘Rmisc’ ‘rlang’
All declared Imports should be used.
Flavors: r-devel-linux-x86_64-fedora-clang, r-devel-linux-x86_64-fedora-gcc, r-oldrel-macos-arm64, r-oldrel-macos-x86_64