Last updated on 2022-05-25 15:50:32 CEST.
Flavor | Version | Tinstall | Tcheck | Ttotal | Status | Flags |
---|---|---|---|---|---|---|
r-devel-linux-x86_64-debian-clang | 1.5 | 17.52 | 126.56 | 144.08 | OK | |
r-devel-linux-x86_64-debian-gcc | 1.5 | 16.00 | 94.64 | 110.64 | OK | |
r-devel-linux-x86_64-fedora-clang | 1.5 | 177.91 | NOTE | |||
r-devel-linux-x86_64-fedora-gcc | 1.5 | 172.29 | NOTE | |||
r-devel-windows-x86_64 | 1.5 | 28.00 | 151.00 | 179.00 | OK | |
r-patched-linux-x86_64 | 1.5 | 17.89 | 119.43 | 137.32 | OK | |
r-release-linux-x86_64 | 1.5 | OK | ||||
r-release-macos-arm64 | 1.5 | 56.00 | OK | |||
r-release-macos-x86_64 | 1.5 | 66.00 | OK | |||
r-release-windows-x86_64 | 1.5 | 35.00 | 145.00 | 180.00 | OK | |
r-oldrel-macos-arm64 | 1.5 | 53.00 | OK | |||
r-oldrel-macos-x86_64 | 1.5 | 82.00 | OK | |||
r-oldrel-windows-ix86+x86_64 | 1.5 | 39.00 | 178.00 | 217.00 | OK |
Version: 1.5
Check: compiled code
Result: NOTE
File ‘EasyABC/libs/EasyABC.so’:
Found no calls to: ‘R_registerRoutines’, ‘R_useDynamicSymbols’
It is good practice to register native routines and to disable symbol
search.
See ‘Writing portable packages’ in the ‘Writing R Extensions’ manual.
Flavors: r-devel-linux-x86_64-fedora-clang, r-devel-linux-x86_64-fedora-gcc