CRAN Package Check Results for Package EZtune

Last updated on 2022-05-19 15:53:17 CEST.

Flavor Version Tinstall Tcheck Ttotal Status Flags
r-devel-linux-x86_64-debian-clang 3.1.1 4.52 651.71 656.23 OK
r-devel-linux-x86_64-debian-gcc 3.1.1 4.80 422.41 427.21 OK
r-devel-linux-x86_64-fedora-clang 3.1.1 483.41 NOTE
r-devel-linux-x86_64-fedora-gcc 3.1.1 485.18 NOTE
r-devel-windows-x86_64 3.1.1 14.00 430.00 444.00 OK
r-patched-linux-x86_64 3.1.1 4.67 487.14 491.81 OK
r-release-linux-x86_64 3.1.1 5.33 444.24 449.57 OK
r-release-macos-arm64 3.1.1 281.00 NOTE
r-release-macos-x86_64 3.1.1 194.00 NOTE
r-release-windows-x86_64 3.1.1 13.00 444.00 457.00 OK
r-oldrel-macos-arm64 3.1.1 286.00 NOTE
r-oldrel-macos-x86_64 3.1.1 258.00 NOTE
r-oldrel-windows-ix86+x86_64 3.1.1 12.00 486.00 498.00 OK

Check Details

Version: 3.1.1
Check: dependencies in R code
Result: NOTE
    Namespace in Imports field not imported from: ‘BiocStyle’
     All declared Imports should be used.
Flavors: r-devel-linux-x86_64-fedora-clang, r-devel-linux-x86_64-fedora-gcc, r-release-macos-arm64, r-release-macos-x86_64, r-oldrel-macos-arm64, r-oldrel-macos-x86_64