CRAN Package Check Results for Package ERP

Last updated on 2024-07-24 03:49:15 CEST.

Flavor Version Tinstall Tcheck Ttotal Status Flags
r-devel-linux-x86_64-debian-clang 2.2 9.68 218.28 227.96 NOTE
r-devel-linux-x86_64-debian-gcc 2.2 7.12 185.25 192.37 NOTE
r-devel-linux-x86_64-fedora-clang 2.2 289.29 NOTE
r-devel-linux-x86_64-fedora-gcc 2.2 356.10 NOTE
r-devel-windows-x86_64 2.2 9.00 216.00 225.00 NOTE
r-patched-linux-x86_64 2.2 8.50 237.66 246.16 NOTE
r-release-linux-x86_64 2.2 9.82 257.06 266.88 NOTE
r-release-macos-arm64 2.2 145.00 NOTE
r-release-macos-x86_64 2.2 309.00 NOTE
r-release-windows-x86_64 2.2 8.00 225.00 233.00 NOTE
r-oldrel-macos-arm64 2.2 168.00 OK
r-oldrel-macos-x86_64 2.2 228.00 OK
r-oldrel-windows-x86_64 2.2 9.00 261.00 270.00 OK

Check Details

Version: 2.2
Check: Rd files
Result: NOTE checkRd: (-1) ifa.Rd:16: Lost braces; missing escapes or markup? 16 | If Sigma has the q-factor decomposition Sigma=diag(Psi)+BB', then Sigma^{-1} | ^ checkRd: (-1) ifa.Rd:17: Lost braces; missing escapes or markup? 17 | has the corresponding q-factor decomposition Sigma^{-1}=diag(phi)(I-theta theta')diag(phi), where theta is a mxq matrix and phi the vector of | ^ checkRd: (-1) ifa.Rd:21: Lost braces; missing escapes or markup? 21 | \item{iSB}{m x q matrix (diag(Psi)+BB')^{-1}B.} | ^ checkRd: (-1) isqrtfa.Rd:15: Lost braces; missing escapes or markup? 15 | If Sigma has the q-factor decomposition Sigma=diag(Psi)+BB', then the function returns a matrix Omega such that Sigma^{-1} = Omega Omega'. Equivalently, | ^ Flavors: r-devel-linux-x86_64-debian-clang, r-devel-linux-x86_64-debian-gcc, r-devel-linux-x86_64-fedora-clang, r-devel-linux-x86_64-fedora-gcc, r-devel-windows-x86_64, r-patched-linux-x86_64, r-release-linux-x86_64, r-release-macos-arm64, r-release-macos-x86_64, r-release-windows-x86_64