CRAN Package Check Results for Package ENMeval

Last updated on 2022-05-28 15:50:56 CEST.

Flavor Version Tinstall Tcheck Ttotal Status Flags
r-devel-linux-x86_64-debian-clang 2.0.3 28.00 803.35 831.35 OK
r-devel-linux-x86_64-debian-gcc 2.0.3 30.44 589.22 619.66 OK
r-devel-linux-x86_64-fedora-clang 2.0.3 1011.09 NOTE
r-devel-linux-x86_64-fedora-gcc 2.0.3 972.91 NOTE
r-devel-windows-x86_64 2.0.3 78.00 758.00 836.00 OK
r-patched-linux-x86_64 2.0.3 34.36 762.89 797.25 OK
r-release-linux-x86_64 2.0.3 30.01 762.44 792.45 OK
r-release-macos-arm64 2.0.3 208.00 NOTE
r-release-macos-x86_64 2.0.3 348.00 NOTE
r-release-windows-x86_64 2.0.3 83.00 743.00 826.00 OK
r-oldrel-macos-arm64 2.0.3 183.00 NOTE
r-oldrel-macos-x86_64 2.0.3 270.00 NOTE
r-oldrel-windows-ix86+x86_64 2.0.3 80.00 818.00 898.00 OK

Check Details

Version: 2.0.3
Check: dependencies in R code
Result: NOTE
    Namespaces in Imports field not imported from:
     ‘graphics’ ‘sp’ ‘testthat’
     All declared Imports should be used.
Flavors: r-devel-linux-x86_64-fedora-clang, r-devel-linux-x86_64-fedora-gcc, r-release-macos-arm64, r-release-macos-x86_64, r-oldrel-macos-arm64, r-oldrel-macos-x86_64

Version: 2.0.3
Check: data for non-ASCII characters
Result: NOTE
     Note: found 2 marked UTF-8 strings
Flavors: r-devel-linux-x86_64-fedora-clang, r-devel-linux-x86_64-fedora-gcc, r-release-macos-arm64, r-release-macos-x86_64, r-oldrel-macos-arm64, r-oldrel-macos-x86_64