CRAN Package Check Results for Package EMVS

Last updated on 2022-06-28 03:51:31 CEST.

Flavor Version Tinstall Tcheck Ttotal Status Flags
r-devel-linux-x86_64-debian-clang 1.2.1 66.76 58.42 125.18 WARN
r-devel-linux-x86_64-debian-gcc 1.2.1 52.85 45.55 98.40 OK
r-devel-linux-x86_64-fedora-clang 1.2.1 185.66 WARN
r-devel-linux-x86_64-fedora-gcc 1.2.1 170.91 OK
r-devel-windows-x86_64 1.2.1 55.00 106.00 161.00 OK
r-patched-linux-x86_64 1.2.1 58.40 57.41 115.81 OK
r-release-linux-x86_64 1.2.1 59.01 57.06 116.07 OK
r-release-macos-arm64 1.2.1 45.00 NOTE
r-release-macos-x86_64 1.2.1 58.00 NOTE
r-release-windows-x86_64 1.2.1 56.00 105.00 161.00 OK
r-oldrel-macos-arm64 1.2.1 54.00 NOTE
r-oldrel-macos-x86_64 1.2.1 60.00 NOTE
r-oldrel-windows-ix86+x86_64 1.2.1 167.00 106.00 273.00 NOTE

Additional issues

clang14

Check Details

Version: 1.2.1
Check: whether package can be installed
Result: WARN
    Found the following significant warnings:
     conj_EMVS.cpp:68:9: warning: use of bitwise '|' with boolean operands [-Wbitwise-instead-of-logical]
     conj_EMVS.cpp:77:9: warning: use of bitwise '|' with boolean operands [-Wbitwise-instead-of-logical]
     conj_EMVS.cpp:135:9: warning: use of bitwise '|' with boolean operands [-Wbitwise-instead-of-logical]
     ind_EMVS.cpp:67:11: warning: use of bitwise '|' with boolean operands [-Wbitwise-instead-of-logical]
     ind_EMVS.cpp:77:11: warning: use of bitwise '|' with boolean operands [-Wbitwise-instead-of-logical]
     ind_EMVS.cpp:124:11: warning: use of bitwise '|' with boolean operands [-Wbitwise-instead-of-logical]
Flavors: r-devel-linux-x86_64-debian-clang, r-devel-linux-x86_64-fedora-clang

Version: 1.2.1
Check: installed package size
Result: NOTE
     installed size is 5.9Mb
     sub-directories of 1Mb or more:
     doc 3.6Mb
     libs 2.1Mb
Flavors: r-devel-linux-x86_64-fedora-clang, r-release-macos-arm64, r-release-macos-x86_64, r-oldrel-macos-arm64, r-oldrel-macos-x86_64, r-oldrel-windows-ix86+x86_64