Last updated on 2022-05-17 04:50:31 CEST.
Flavor | Version | Tinstall | Tcheck | Ttotal | Status | Flags |
---|---|---|---|---|---|---|
r-devel-linux-x86_64-debian-clang | 0.2-13 | 25.72 | 96.92 | 122.64 | NOTE | |
r-devel-linux-x86_64-debian-gcc | 0.2-13 | 21.32 | 73.24 | 94.56 | NOTE | |
r-devel-linux-x86_64-fedora-clang | 0.2-13 | 150.84 | NOTE | |||
r-devel-linux-x86_64-fedora-gcc | 0.2-13 | 145.68 | NOTE | |||
r-devel-windows-x86_64 | 0.2-13 | 132.00 | 144.00 | 276.00 | NOTE | |
r-patched-linux-x86_64 | 0.2-13 | 23.17 | 91.35 | 114.52 | NOTE | |
r-release-linux-x86_64 | 0.2-13 | 22.74 | 91.73 | 114.47 | NOTE | |
r-release-macos-arm64 | 0.2-13 | 48.00 | NOTE | |||
r-release-macos-x86_64 | 0.2-13 | 65.00 | NOTE | |||
r-release-windows-x86_64 | 0.2-13 | 157.00 | 143.00 | 300.00 | NOTE | |
r-oldrel-macos-arm64 | 0.2-13 | 62.00 | OK | |||
r-oldrel-macos-x86_64 | 0.2-13 | 89.00 | OK | |||
r-oldrel-windows-ix86+x86_64 | 0.2-13 | 92.00 | 146.00 | 238.00 | OK |
Version: 0.2-13
Check: package dependencies
Result: NOTE
Package which this enhances but not available for checking: 'PPtree'
Flavors: r-devel-linux-x86_64-debian-clang, r-devel-linux-x86_64-debian-gcc, r-devel-linux-x86_64-fedora-clang, r-devel-linux-x86_64-fedora-gcc, r-devel-windows-x86_64, r-patched-linux-x86_64, r-release-linux-x86_64, r-release-macos-arm64, r-release-macos-x86_64, r-release-windows-x86_64