Last updated on 2023-06-10 03:56:21 CEST.
Flavor | Version | Tinstall | Tcheck | Ttotal | Status | Flags |
---|---|---|---|---|---|---|
r-devel-linux-x86_64-debian-clang | 0.4.4 | 101.68 | 432.02 | 533.70 | NOTE | |
r-devel-linux-x86_64-debian-gcc | 0.4.4 | 73.74 | 322.67 | 396.41 | NOTE | |
r-devel-linux-x86_64-fedora-clang | 0.4.4 | 671.48 | NOTE | |||
r-devel-linux-x86_64-fedora-gcc | 0.4.4 | 674.06 | NOTE | |||
r-devel-windows-x86_64 | 0.4.4 | 75.00 | 373.00 | 448.00 | NOTE | |
r-patched-linux-x86_64 | 0.4.4 | 88.09 | 430.11 | 518.20 | NOTE | |
r-release-linux-x86_64 | 0.4.4 | 81.70 | 419.45 | 501.15 | NOTE | |
r-release-macos-arm64 | 0.4.4 | 186.00 | NOTE | |||
r-release-macos-x86_64 | 0.4.4 | 332.00 | NOTE | |||
r-release-windows-x86_64 | 0.4.4 | 95.00 | 445.00 | 540.00 | NOTE | |
r-oldrel-macos-arm64 | 0.4.4 | 166.00 | OK | |||
r-oldrel-macos-x86_64 | 0.4.4 | 229.00 | OK | |||
r-oldrel-windows-x86_64 | 0.4.4 | 93.00 | 459.00 | 552.00 | OK |
Version: 0.4.4
Check: C++ specification
Result: NOTE
Specified C++11: please drop specification unless essential
Flavors: r-devel-linux-x86_64-debian-clang, r-devel-linux-x86_64-debian-gcc, r-devel-linux-x86_64-fedora-clang, r-devel-linux-x86_64-fedora-gcc, r-devel-windows-x86_64, r-patched-linux-x86_64, r-release-linux-x86_64, r-release-macos-arm64, r-release-macos-x86_64, r-release-windows-x86_64
Version: 0.4.4
Check: dependencies in R code
Result: NOTE
Namespace in Imports field not imported from: ‘progress’
All declared Imports should be used.
Flavors: r-devel-linux-x86_64-fedora-clang, r-devel-linux-x86_64-fedora-gcc