Last updated on 2022-05-19 04:51:02 CEST.
Flavor | Version | Tinstall | Tcheck | Ttotal | Status | Flags |
---|---|---|---|---|---|---|
r-devel-linux-x86_64-debian-clang | 0.4.1 | 90.15 | 613.99 | 704.14 | OK | |
r-devel-linux-x86_64-debian-gcc | 0.4.1 | 75.12 | 509.30 | 584.42 | OK | |
r-devel-linux-x86_64-fedora-clang | 0.4.1 | 679.73 | NOTE | |||
r-devel-linux-x86_64-fedora-gcc | 0.4.1 | 756.03 | NOTE | |||
r-devel-windows-x86_64 | 0.4.1 | 131.00 | 475.00 | 606.00 | OK | |
r-patched-linux-x86_64 | 0.4.1 | 87.55 | 512.91 | 600.46 | OK | |
r-release-linux-x86_64 | 0.4.1 | 74.91 | 507.60 | 582.51 | OK | |
r-release-macos-arm64 | 0.4.1 | 189.00 | NOTE | |||
r-release-macos-x86_64 | 0.4.1 | 257.00 | NOTE | |||
r-release-windows-x86_64 | 0.4.1 | 128.00 | 460.00 | 588.00 | OK | |
r-oldrel-macos-arm64 | 0.4.1 | 164.00 | NOTE | |||
r-oldrel-macos-x86_64 | 0.4.1 | 250.00 | NOTE | |||
r-oldrel-windows-ix86+x86_64 | 0.4.1 | 231.00 | 742.00 | 973.00 | OK |
Version: 0.4.1
Check: dependencies in R code
Result: NOTE
Namespace in Imports field not imported from: ‘progress’
All declared Imports should be used.
Flavors: r-devel-linux-x86_64-fedora-clang, r-devel-linux-x86_64-fedora-gcc, r-release-macos-arm64, r-release-macos-x86_64, r-oldrel-macos-arm64, r-oldrel-macos-x86_64