CRAN Package Check Results for Package EDNE.EQ

Last updated on 2022-05-28 15:50:56 CEST.

Flavor Version Tinstall Tcheck Ttotal Status Flags
r-devel-linux-x86_64-debian-clang 1.0 2.04 35.68 37.72 OK
r-devel-linux-x86_64-debian-gcc 1.0 1.29 27.91 29.20 OK
r-devel-linux-x86_64-fedora-clang 1.0 46.06 NOTE
r-devel-linux-x86_64-fedora-gcc 1.0 45.24 OK
r-devel-windows-x86_64 1.0 10.00 52.00 62.00 OK
r-patched-linux-x86_64 1.0 2.35 34.28 36.63 OK
r-release-linux-x86_64 1.0 1.86 35.08 36.94 OK
r-release-macos-arm64 1.0 16.00 OK
r-release-macos-x86_64 1.0 24.00 OK
r-release-windows-x86_64 1.0 11.00 52.00 63.00 OK
r-oldrel-macos-arm64 1.0 20.00 OK
r-oldrel-macos-x86_64 1.0 30.00 OK
r-oldrel-windows-ix86+x86_64 1.0 6.00 50.00 56.00 OK

Check Details

Version: 1.0
Check: Rd cross-references
Result: NOTE
    Undeclared package ‘T2EQ’ in Rd xrefs
Flavor: r-devel-linux-x86_64-fedora-clang