Last updated on 2022-05-25 15:50:32 CEST.
Flavor | Version | Tinstall | Tcheck | Ttotal | Status | Flags |
---|---|---|---|---|---|---|
r-devel-linux-x86_64-debian-clang | 0.3.0 | 2.46 | 58.19 | 60.65 | NOTE | |
r-devel-linux-x86_64-debian-gcc | 0.3.0 | 2.71 | 43.31 | 46.02 | NOTE | |
r-devel-linux-x86_64-fedora-clang | 0.3.0 | 77.69 | NOTE | |||
r-devel-linux-x86_64-fedora-gcc | 0.3.0 | 78.53 | NOTE | |||
r-devel-windows-x86_64 | 0.3.0 | 18.00 | 76.00 | 94.00 | NOTE | |
r-patched-linux-x86_64 | 0.3.0 | 3.88 | 55.84 | 59.72 | NOTE | |
r-release-linux-x86_64 | 0.3.0 | NOTE | ||||
r-release-macos-arm64 | 0.3.0 | 20.00 | NOTE | |||
r-release-macos-x86_64 | 0.3.0 | 31.00 | NOTE | |||
r-release-windows-x86_64 | 0.3.0 | 19.00 | 71.00 | 90.00 | NOTE | |
r-oldrel-macos-arm64 | 0.3.0 | 26.00 | NOTE | |||
r-oldrel-macos-x86_64 | 0.3.0 | 39.00 | NOTE | |||
r-oldrel-windows-ix86+x86_64 | 0.3.0 | 7.00 | 72.00 | 79.00 | NOTE |
Version: 0.3.0
Check: LazyData
Result: NOTE
'LazyData' is specified without a 'data' directory
Flavors: r-devel-linux-x86_64-debian-clang, r-devel-linux-x86_64-debian-gcc, r-devel-linux-x86_64-fedora-clang, r-devel-linux-x86_64-fedora-gcc, r-devel-windows-x86_64, r-patched-linux-x86_64, r-release-linux-x86_64, r-release-macos-arm64, r-release-macos-x86_64, r-release-windows-x86_64, r-oldrel-macos-arm64, r-oldrel-macos-x86_64, r-oldrel-windows-ix86+x86_64