CRAN Package Check Results for Package ECctmc

Last updated on 2022-06-28 03:51:30 CEST.

Flavor Version Tinstall Tcheck Ttotal Status Flags
r-devel-linux-x86_64-debian-clang 0.2.5 34.85 32.11 66.96 NOTE
r-devel-linux-x86_64-debian-gcc 0.2.5 29.59 25.30 54.89 NOTE
r-devel-linux-x86_64-fedora-clang 0.2.5 111.71 NOTE
r-devel-linux-x86_64-fedora-gcc 0.2.5 101.38 NOTE
r-devel-windows-x86_64 0.2.5 37.00 80.00 117.00 NOTE
r-patched-linux-x86_64 0.2.5 31.42 31.44 62.86 NOTE
r-release-linux-x86_64 0.2.5 35.06 30.93 65.99 NOTE
r-release-macos-arm64 0.2.5 31.00 NOTE
r-release-macos-x86_64 0.2.5 41.00 NOTE
r-release-windows-x86_64 0.2.5 40.00 83.00 123.00 NOTE
r-oldrel-macos-arm64 0.2.5 33.00 NOTE
r-oldrel-macos-x86_64 0.2.5 56.00 NOTE
r-oldrel-windows-ix86+x86_64 0.2.5 93.00 80.00 173.00 NOTE

Check Details

Version: 0.2.5
Check: LazyData
Result: NOTE
     'LazyData' is specified without a 'data' directory
Flavors: r-devel-linux-x86_64-debian-clang, r-devel-linux-x86_64-debian-gcc, r-devel-linux-x86_64-fedora-clang, r-devel-linux-x86_64-fedora-gcc, r-devel-windows-x86_64, r-patched-linux-x86_64, r-release-linux-x86_64, r-release-macos-arm64, r-release-macos-x86_64, r-release-windows-x86_64, r-oldrel-macos-arm64, r-oldrel-macos-x86_64, r-oldrel-windows-ix86+x86_64