CRAN Package Check Results for Package EBMAforecast

Last updated on 2022-06-26 15:52:58 CEST.

Flavor Version Tinstall Tcheck Ttotal Status Flags
r-devel-linux-x86_64-debian-clang 1.0.2 39.72 121.04 160.76 OK
r-devel-linux-x86_64-debian-gcc 1.0.2 31.52 90.52 122.04 OK
r-devel-linux-x86_64-fedora-clang 1.0.2 221.65 WARN
r-devel-linux-x86_64-fedora-gcc 1.0.2 196.40 WARN
r-devel-windows-x86_64 1.0.2 84.00 164.00 248.00 OK
r-patched-linux-x86_64 1.0.2 23.35 110.58 133.93 OK
r-release-linux-x86_64 1.0.2 24.33 111.75 136.08 OK
r-release-macos-arm64 1.0.2 54.00 NOTE
r-release-macos-x86_64 1.0.2 89.00 NOTE
r-release-windows-x86_64 1.0.2 113.00 158.00 271.00 OK
r-oldrel-macos-arm64 1.0.2 59.00 NOTE
r-oldrel-macos-x86_64 1.0.2 102.00 NOTE
r-oldrel-windows-ix86+x86_64 1.0.2 87.00 194.00 281.00 OK

Check Details

Version: 1.0.2
Check: package dependencies
Result: WARN
    Requires orphaned package: ‘gtools’
Flavors: r-devel-linux-x86_64-fedora-clang, r-devel-linux-x86_64-fedora-gcc

Version: 1.0.2
Check: dependencies in R code
Result: NOTE
    Namespaces in Imports field not imported from:
     ‘gtools’ ‘separationplot’
     All declared Imports should be used.
Flavors: r-devel-linux-x86_64-fedora-clang, r-devel-linux-x86_64-fedora-gcc, r-release-macos-arm64, r-release-macos-x86_64, r-oldrel-macos-arm64, r-oldrel-macos-x86_64