CRAN Package Check Results for Package DiscreteFDR

Last updated on 2023-11-28 15:49:33 CET.

Flavor Version Tinstall Tcheck Ttotal Status Flags
r-devel-linux-x86_64-debian-clang 1.3.6 25.97 52.00 77.97 NOTE
r-devel-linux-x86_64-debian-gcc 1.3.6 18.25 39.12 57.37 NOTE
r-devel-linux-x86_64-fedora-clang 1.3.6 105.67 NOTE
r-devel-linux-x86_64-fedora-gcc 1.3.6 115.92 NOTE
r-devel-windows-x86_64 1.3.6 20.00 86.00 106.00 NOTE
r-patched-linux-x86_64 1.3.6 20.81 49.84 70.65 NOTE
r-release-linux-x86_64 1.3.6 19.86 50.32 70.18 NOTE
r-release-macos-arm64 1.3.6 39.00 NOTE
r-release-macos-x86_64 1.3.6 64.00 NOTE
r-release-windows-x86_64 1.3.6 21.00 93.00 114.00 NOTE
r-oldrel-macos-arm64 1.3.6 34.00 OK
r-oldrel-macos-x86_64 1.3.6 42.00 OK
r-oldrel-windows-x86_64 1.3.6 27.00 96.00 123.00 NOTE

Check Details

Version: 1.3.6
Check: package dependencies
Result: NOTE Package suggested but not available for checking: ‘discreteMTP’ Flavors: r-devel-linux-x86_64-debian-clang, r-devel-linux-x86_64-debian-gcc, r-devel-linux-x86_64-fedora-clang, r-devel-linux-x86_64-fedora-gcc, r-devel-windows-x86_64, r-patched-linux-x86_64, r-release-linux-x86_64, r-release-macos-arm64, r-release-macos-x86_64, r-release-windows-x86_64, r-oldrel-windows-x86_64

Version: 1.3.6
Check: Rd cross-references
Result: NOTE Unknown package ‘discreteMTP’ in Rd xrefs Flavors: r-devel-linux-x86_64-debian-clang, r-devel-linux-x86_64-debian-gcc, r-devel-linux-x86_64-fedora-clang, r-devel-linux-x86_64-fedora-gcc, r-devel-windows-x86_64, r-patched-linux-x86_64, r-release-linux-x86_64, r-release-macos-arm64, r-release-macos-x86_64, r-release-windows-x86_64, r-oldrel-windows-x86_64