CRAN Package Check Results for Package DiceEval

Last updated on 2022-06-26 15:52:57 CEST.

Flavor Version Tinstall Tcheck Ttotal Status Flags
r-devel-linux-x86_64-debian-clang 1.5 3.29 34.41 37.70 NOTE
r-devel-linux-x86_64-debian-gcc 1.5 3.23 27.21 30.44 NOTE
r-devel-linux-x86_64-fedora-clang 1.5 56.54 NOTE
r-devel-linux-x86_64-fedora-gcc 1.5 57.10 NOTE
r-devel-windows-x86_64 1.5 25.00 62.00 87.00 NOTE
r-patched-linux-x86_64 1.5 3.33 33.22 36.55 OK
r-release-linux-x86_64 1.5 3.08 33.87 36.95 OK
r-release-macos-arm64 1.5 19.00 OK
r-release-macos-x86_64 1.5 26.00 OK
r-release-windows-x86_64 1.5 22.00 59.00 81.00 OK
r-oldrel-macos-arm64 1.5 21.00 OK
r-oldrel-macos-x86_64 1.5 36.00 OK
r-oldrel-windows-ix86+x86_64 1.5 8.00 58.00 66.00 OK

Check Details

Version: 1.5
Check: Rd files
Result: NOTE
    checkRd: (-1) formulaLm.rd:4: Escaped LaTeX specials: \~
Flavors: r-devel-linux-x86_64-debian-clang, r-devel-linux-x86_64-debian-gcc, r-devel-linux-x86_64-fedora-clang, r-devel-linux-x86_64-fedora-gcc, r-devel-windows-x86_64