Last updated on 2022-05-19 15:53:16 CEST.
Flavor | Version | Tinstall | Tcheck | Ttotal | Status | Flags |
---|---|---|---|---|---|---|
r-devel-linux-x86_64-debian-clang | 0.99.45 | 97.31 | 478.07 | 575.38 | NOTE | |
r-devel-linux-x86_64-debian-gcc | 0.99.45 | 79.94 | 347.14 | 427.08 | NOTE | |
r-devel-linux-x86_64-fedora-clang | 0.99.45 | 665.74 | NOTE | |||
r-devel-linux-x86_64-fedora-gcc | 0.99.45 | 699.07 | NOTE | |||
r-devel-windows-x86_64 | 0.99.45 | 384.00 | 501.00 | 885.00 | NOTE | |
r-patched-linux-x86_64 | 0.99.45 | 109.70 | 11.57 | 121.27 | FAIL | |
r-release-linux-x86_64 | 0.99.45 | 86.68 | 439.21 | 525.89 | NOTE | |
r-release-macos-arm64 | 0.99.45 | 128.00 | NOTE | |||
r-release-macos-x86_64 | 0.99.45 | 195.00 | NOTE | |||
r-release-windows-x86_64 | 0.99.45 | 386.00 | 494.00 | 880.00 | NOTE | |
r-oldrel-macos-arm64 | 0.99.45 | 126.00 | NOTE | |||
r-oldrel-macos-x86_64 | 0.99.45 | 185.00 | NOTE | |||
r-oldrel-windows-ix86+x86_64 | 0.99.45 | 223.00 | 645.00 | 868.00 | NOTE |
Version: 0.99.45
Check: package dependencies
Result: NOTE
Package suggested but not available for checking: 'RDCOMClient'
Flavors: r-devel-linux-x86_64-debian-clang, r-devel-linux-x86_64-debian-gcc, r-devel-linux-x86_64-fedora-clang, r-devel-linux-x86_64-fedora-gcc, r-devel-windows-x86_64, r-release-linux-x86_64, r-release-macos-arm64, r-release-macos-x86_64, r-release-windows-x86_64, r-oldrel-macos-arm64, r-oldrel-macos-x86_64, r-oldrel-windows-ix86+x86_64
Version: 0.99.45
Check: installed package size
Result: NOTE
installed size is 7.9Mb
sub-directories of 1Mb or more:
R 1.7Mb
doc 1.8Mb
help 1.5Mb
libs 2.3Mb
Flavors: r-devel-linux-x86_64-fedora-clang, r-devel-windows-x86_64, r-release-macos-arm64, r-release-macos-x86_64, r-release-windows-x86_64, r-oldrel-macos-arm64, r-oldrel-macos-x86_64, r-oldrel-windows-ix86+x86_64
Version: 0.99.45
Check: Rd cross-references
Result: NOTE
Undeclared packages ‘ineq’, ‘randtests’, ‘Hmisc’, ‘plotrix’, ‘caret’, ‘pcaPP’, ‘polycor’, ‘lmtest’, ‘car’, ‘gmp’, ‘vcdExtra’, ‘chron’, ‘coin’, ‘caTools’, ‘forecast’, ‘sfsmisc’, ‘vcd’, ‘areaplot’, ‘corrgram’, ‘UsingR’, ‘memisc’, ‘gtools’, ‘BSDA’, ‘prettyR’ in Rd xrefs
Flavor: r-devel-linux-x86_64-fedora-clang
Version: 0.99.45
Check: package dependencies
Result: FAIL
Flavor: r-patched-linux-x86_64