Last updated on 2023-06-10 03:56:20 CEST.
Flavor | Version | Tinstall | Tcheck | Ttotal | Status | Flags |
---|---|---|---|---|---|---|
r-devel-linux-x86_64-debian-clang | 2.1.5 | 188.11 | 191.38 | 379.49 | NOTE | |
r-devel-linux-x86_64-debian-gcc | 2.1.5 | 140.35 | 137.25 | 277.60 | NOTE | |
r-devel-linux-x86_64-fedora-clang | 2.1.5 | 533.06 | NOTE | |||
r-devel-linux-x86_64-fedora-gcc | 2.1.5 | 487.84 | NOTE | |||
r-devel-windows-x86_64 | 2.1.5 | 139.00 | 166.00 | 305.00 | NOTE | |
r-patched-linux-x86_64 | 2.1.5 | 154.65 | 170.04 | 324.69 | NOTE | |
r-release-linux-x86_64 | 2.1.5 | 148.18 | 170.15 | 318.33 | NOTE | |
r-release-macos-arm64 | 2.1.5 | 120.00 | NOTE | |||
r-release-macos-x86_64 | 2.1.5 | 216.00 | NOTE | |||
r-release-windows-x86_64 | 2.1.5 | 175.00 | 215.00 | 390.00 | NOTE | |
r-oldrel-macos-arm64 | 2.1.5 | 109.00 | NOTE | |||
r-oldrel-macos-x86_64 | 2.1.5 | 207.00 | OK | |||
r-oldrel-windows-x86_64 | 2.1.5 | 179.00 | 197.00 | 376.00 | OK |
Version: 2.1.5
Check: C++ specification
Result: NOTE
Specified C++11: please drop specification unless essential
Flavors: r-devel-linux-x86_64-debian-clang, r-devel-linux-x86_64-debian-gcc, r-devel-linux-x86_64-fedora-clang, r-devel-linux-x86_64-fedora-gcc, r-devel-windows-x86_64, r-patched-linux-x86_64, r-release-linux-x86_64, r-release-macos-arm64, r-release-macos-x86_64, r-release-windows-x86_64
Version: 2.1.5
Check: installed package size
Result: NOTE
installed size is 5.1Mb
sub-directories of 1Mb or more:
libs 4.1Mb
Flavors: r-release-macos-arm64, r-oldrel-macos-arm64