Last updated on 2022-05-24 15:52:44 CEST.
Flavor | Version | Tinstall | Tcheck | Ttotal | Status | Flags |
---|---|---|---|---|---|---|
r-devel-linux-x86_64-debian-clang | 2.1.5 | 179.00 | 200.47 | 379.47 | OK | |
r-devel-linux-x86_64-debian-gcc | 2.1.5 | 142.18 | 143.09 | 285.27 | OK | |
r-devel-linux-x86_64-fedora-clang | 2.1.5 | 503.87 | OK | |||
r-devel-linux-x86_64-fedora-gcc | 2.1.5 | 459.03 | OK | |||
r-devel-windows-x86_64 | 2.1.5 | 186.00 | 243.00 | 429.00 | OK | |
r-patched-linux-x86_64 | 2.1.5 | 151.78 | 179.15 | 330.93 | OK | |
r-release-linux-x86_64 | 2.1.5 | OK | ||||
r-release-macos-arm64 | 2.1.5 | 109.00 | NOTE | |||
r-release-macos-x86_64 | 2.1.5 | 207.00 | OK | |||
r-release-windows-x86_64 | 2.1.5 | 190.00 | 227.00 | 417.00 | OK | |
r-oldrel-macos-arm64 | 2.1.5 | 98.00 | NOTE | |||
r-oldrel-macos-x86_64 | 2.1.5 | 144.00 | OK | |||
r-oldrel-windows-ix86+x86_64 | 2.1.5 | 435.00 | 299.00 | 734.00 | OK |
Version: 2.1.5
Check: installed package size
Result: NOTE
installed size is 5.1Mb
sub-directories of 1Mb or more:
libs 4.1Mb
Flavors: r-release-macos-arm64, r-oldrel-macos-arm64