CRAN Package Check Results for Package DWBmodelUN

Last updated on 2022-06-25 15:51:19 CEST.

Flavor Version Tinstall Tcheck Ttotal Status Flags
r-devel-linux-x86_64-debian-clang 1.0.0 5.26 102.19 107.45 OK
r-devel-linux-x86_64-debian-gcc 1.0.0 3.92 77.24 81.16 OK
r-devel-linux-x86_64-fedora-clang 1.0.0 143.12 NOTE
r-devel-linux-x86_64-fedora-gcc 1.0.0 144.73 NOTE
r-devel-windows-x86_64 1.0.0 40.00 135.00 175.00 OK
r-patched-linux-x86_64 1.0.0 4.74 98.29 103.03 OK
r-release-linux-x86_64 1.0.0 5.44 97.98 103.42 OK
r-release-macos-arm64 1.0.0 35.00 NOTE
r-release-macos-x86_64 1.0.0 50.00 NOTE
r-release-windows-x86_64 1.0.0 26.00 129.00 155.00 OK
r-oldrel-macos-arm64 1.0.0 34.00 NOTE
r-oldrel-macos-x86_64 1.0.0 55.00 NOTE
r-oldrel-windows-ix86+x86_64 1.0.0 10.00 130.00 140.00 OK

Check Details

Version: 1.0.0
Check: dependencies in R code
Result: NOTE
    Namespaces in Imports field not imported from:
     ‘ncdf4’ ‘rgdal’
     All declared Imports should be used.
Flavors: r-devel-linux-x86_64-fedora-clang, r-devel-linux-x86_64-fedora-gcc, r-release-macos-arm64, r-release-macos-x86_64, r-oldrel-macos-arm64, r-oldrel-macos-x86_64