CRAN Package Check Results for Package DVHmetrics

Last updated on 2025-06-19 15:50:10 CEST.

Flavor Version Tinstall Tcheck Ttotal Status Flags
r-devel-linux-x86_64-debian-clang 0.4.2 12.72 127.35 140.07 OK
r-devel-linux-x86_64-debian-gcc 0.4.2 7.59 88.72 96.31 OK
r-devel-linux-x86_64-fedora-clang 0.4.2 210.76 NOTE
r-devel-linux-x86_64-fedora-gcc 0.4.2 229.26 NOTE
r-devel-windows-x86_64 0.4.2 14.00 174.00 188.00 OK
r-patched-linux-x86_64 0.4.2 13.12 119.64 132.76 OK
r-release-linux-x86_64 0.4.2 11.10 119.48 130.58 OK
r-release-macos-arm64 0.4.2 95.00 OK
r-release-macos-x86_64 0.4.2 134.00 OK
r-release-windows-x86_64 0.4.2 14.00 177.00 191.00 OK
r-oldrel-macos-arm64 0.4.2 64.00 OK
r-oldrel-macos-x86_64 0.4.2 166.00 OK
r-oldrel-windows-x86_64 0.4.2 18.00 195.00 213.00 OK

Check Details

Version: 0.4.2
Check: dependencies in R code
Result: NOTE Namespace in Imports field not imported from: ‘DT’ All declared Imports should be used. Flavors: r-devel-linux-x86_64-fedora-clang, r-devel-linux-x86_64-fedora-gcc