CRAN Package Check Results for Package DSpoty

Last updated on 2022-05-27 15:51:38 CEST.

Flavor Version Tinstall Tcheck Ttotal Status Flags
r-devel-linux-x86_64-debian-clang 0.1.0 4.90 60.17 65.07 NOTE
r-devel-linux-x86_64-debian-gcc 0.1.0 3.86 44.44 48.30 NOTE
r-devel-linux-x86_64-fedora-clang 0.1.0 77.89 NOTE
r-devel-linux-x86_64-fedora-gcc 0.1.0 73.09 NOTE
r-devel-windows-x86_64 0.1.0 19.00 74.00 93.00 NOTE
r-patched-linux-x86_64 0.1.0 3.83 54.57 58.40 NOTE
r-release-linux-x86_64 0.1.0 4.74 54.59 59.33 NOTE
r-release-macos-arm64 0.1.0 26.00 NOTE
r-release-macos-x86_64 0.1.0 45.00 NOTE
r-release-windows-x86_64 0.1.0 22.00 77.00 99.00 NOTE
r-oldrel-macos-arm64 0.1.0 28.00 NOTE
r-oldrel-macos-x86_64 0.1.0 38.00 NOTE
r-oldrel-windows-ix86+x86_64 0.1.0 15.00 68.00 83.00 NOTE

Check Details

Version: 0.1.0
Check: LazyData
Result: NOTE
     'LazyData' is specified without a 'data' directory
Flavors: r-devel-linux-x86_64-debian-clang, r-devel-linux-x86_64-debian-gcc, r-devel-linux-x86_64-fedora-clang, r-devel-linux-x86_64-fedora-gcc, r-devel-windows-x86_64, r-patched-linux-x86_64, r-release-linux-x86_64, r-release-macos-arm64, r-release-macos-x86_64, r-release-windows-x86_64, r-oldrel-macos-arm64, r-oldrel-macos-x86_64, r-oldrel-windows-ix86+x86_64