Last updated on 2022-05-17 04:50:31 CEST.
Flavor | Version | Tinstall | Tcheck | Ttotal | Status | Flags |
---|---|---|---|---|---|---|
r-devel-linux-x86_64-debian-clang | 1.5.1 | 66.59 | 116.21 | 182.80 | OK | |
r-devel-linux-x86_64-debian-gcc | 1.5.1 | 50.34 | 86.71 | 137.05 | OK | |
r-devel-linux-x86_64-fedora-clang | 1.5.1 | 235.19 | NOTE | |||
r-devel-linux-x86_64-fedora-gcc | 1.5.1 | 216.19 | OK | |||
r-devel-windows-x86_64 | 1.5.1 | 63.00 | 149.00 | 212.00 | OK | |
r-patched-linux-x86_64 | 1.5.1 | 58.35 | 108.29 | 166.64 | OK | |
r-release-linux-x86_64 | 1.5.1 | 60.44 | 112.97 | 173.41 | OK | |
r-release-macos-arm64 | 1.5.1 | 61.00 | NOTE | |||
r-release-macos-x86_64 | 1.5.1 | 87.00 | NOTE | |||
r-release-windows-x86_64 | 1.5.1 | 63.00 | 148.00 | 211.00 | OK | |
r-oldrel-macos-arm64 | 1.5.1 | 70.00 | NOTE | |||
r-oldrel-macos-x86_64 | 1.5.1 | 121.00 | NOTE | |||
r-oldrel-windows-ix86+x86_64 | 1.5.1 | 153.00 | 174.00 | 327.00 | NOTE |
Version: 1.5.1
Check: installed package size
Result: NOTE
installed size is 5.3Mb
sub-directories of 1Mb or more:
data 2.8Mb
libs 2.3Mb
Flavors: r-devel-linux-x86_64-fedora-clang, r-release-macos-arm64, r-release-macos-x86_64, r-oldrel-macos-arm64, r-oldrel-macos-x86_64, r-oldrel-windows-ix86+x86_64