CRAN Package Check Results for Package DSAIDE

Last updated on 2022-05-18 15:49:01 CEST.

Flavor Version Tinstall Tcheck Ttotal Status Flags
r-devel-linux-x86_64-debian-clang 0.9.3 10.12 190.30 200.42 OK
r-devel-linux-x86_64-debian-gcc 0.9.3 8.51 134.09 142.60 OK
r-devel-linux-x86_64-fedora-clang 0.9.3 228.68 NOTE
r-devel-linux-x86_64-fedora-gcc 0.9.3 221.00 OK
r-devel-windows-x86_64 0.9.3 113.00 217.00 330.00 NOTE
r-patched-linux-x86_64 0.9.3 11.79 176.10 187.89 OK
r-release-linux-x86_64 0.9.3 9.76 174.35 184.11 OK
r-release-macos-arm64 0.9.3 58.00 NOTE
r-release-macos-x86_64 0.9.3 90.00 NOTE
r-release-windows-x86_64 0.9.3 114.00 220.00 334.00 NOTE
r-oldrel-macos-arm64 0.9.3 64.00 NOTE
r-oldrel-macos-x86_64 0.9.3 76.00 NOTE
r-oldrel-windows-ix86+x86_64 0.9.3 26.00 205.00 231.00 NOTE

Check Details

Version: 0.9.3
Check: installed package size
Result: NOTE
     installed size is 5.2Mb
     sub-directories of 1Mb or more:
     appinformation 4.1Mb
Flavors: r-devel-linux-x86_64-fedora-clang, r-devel-windows-x86_64, r-release-macos-arm64, r-release-macos-x86_64, r-release-windows-x86_64, r-oldrel-macos-arm64, r-oldrel-macos-x86_64, r-oldrel-windows-ix86+x86_64