CRAN Package Check Results for Package DPtree

Last updated on 2022-05-27 15:51:38 CEST.

Flavor Version Tinstall Tcheck Ttotal Status Flags
r-devel-linux-x86_64-debian-clang 1.0.1 2.18 39.10 41.28 NOTE
r-devel-linux-x86_64-debian-gcc 1.0.1 1.83 31.19 33.02 NOTE
r-devel-linux-x86_64-fedora-clang 1.0.1 50.87 NOTE
r-devel-linux-x86_64-fedora-gcc 1.0.1 49.71 NOTE
r-devel-windows-x86_64 1.0.1 12.00 59.00 71.00 NOTE
r-patched-linux-x86_64 1.0.1 2.26 38.07 40.33 NOTE
r-release-linux-x86_64 1.0.1 2.59 38.05 40.64 NOTE
r-release-macos-arm64 1.0.1 19.00 NOTE
r-release-macos-x86_64 1.0.1 23.00 NOTE
r-release-windows-x86_64 1.0.1 12.00 62.00 74.00 NOTE
r-oldrel-macos-arm64 1.0.1 22.00 NOTE
r-oldrel-macos-x86_64 1.0.1 29.00 NOTE
r-oldrel-windows-ix86+x86_64 1.0.1 7.00 48.00 55.00 NOTE

Check Details

Version: 1.0.1
Check: LazyData
Result: NOTE
     'LazyData' is specified without a 'data' directory
Flavors: r-devel-linux-x86_64-debian-clang, r-devel-linux-x86_64-debian-gcc, r-devel-linux-x86_64-fedora-clang, r-devel-linux-x86_64-fedora-gcc, r-devel-windows-x86_64, r-patched-linux-x86_64, r-release-linux-x86_64, r-release-macos-arm64, r-release-macos-x86_64, r-release-windows-x86_64, r-oldrel-macos-arm64, r-oldrel-macos-x86_64, r-oldrel-windows-ix86+x86_64

Version: 1.0.1
Check: dependencies in R code
Result: NOTE
    Namespace in Imports field not imported from: ‘MASS’
     All declared Imports should be used.
Flavors: r-devel-linux-x86_64-fedora-clang, r-devel-linux-x86_64-fedora-gcc, r-release-macos-arm64, r-release-macos-x86_64, r-oldrel-macos-arm64, r-oldrel-macos-x86_64