CRAN Package Check Results for Package DPQmpfr

Last updated on 2022-06-28 03:51:30 CEST.

Flavor Version Tinstall Tcheck Ttotal Status Flags
r-devel-linux-x86_64-debian-clang 0.3-1 6.09 183.94 190.03 OK
r-devel-linux-x86_64-debian-gcc 0.3-1 4.12 135.64 139.76 OK
r-devel-linux-x86_64-fedora-clang 0.3-1 223.54 NOTE
r-devel-linux-x86_64-fedora-gcc 0.3-1 243.75 NOTE
r-devel-windows-x86_64 0.3-1 17.00 192.00 209.00 OK
r-patched-linux-x86_64 0.3-1 6.50 173.18 179.68 OK
r-release-linux-x86_64 0.3-1 5.53 173.20 178.73 OK
r-release-macos-arm64 0.3-1 53.00 NOTE
r-release-macos-x86_64 0.3-1 77.00 NOTE
r-release-windows-x86_64 0.3-1 15.00 193.00 208.00 OK
r-oldrel-macos-arm64 0.3-1 57.00 NOTE
r-oldrel-macos-x86_64 0.3-1 112.00 NOTE
r-oldrel-windows-ix86+x86_64 0.3-1 13.00 215.00 228.00 OK

Check Details

Version: 0.3-1
Check: dependencies in R code
Result: NOTE
    Namespace in Imports field not imported from: ‘graphics’
     All declared Imports should be used.
Flavors: r-devel-linux-x86_64-fedora-clang, r-devel-linux-x86_64-fedora-gcc, r-release-macos-arm64, r-release-macos-x86_64, r-oldrel-macos-arm64, r-oldrel-macos-x86_64