CRAN Package Check Results for Package DOS2

Last updated on 2022-05-24 15:52:45 CEST.

Flavor Version Tinstall Tcheck Ttotal Status Flags
r-devel-linux-x86_64-debian-clang 0.5.2 3.92 48.44 52.36 NOTE
r-devel-linux-x86_64-debian-gcc 0.5.2 3.01 36.60 39.61 NOTE
r-devel-linux-x86_64-fedora-clang 0.5.2 62.50 NOTE
r-devel-linux-x86_64-fedora-gcc 0.5.2 59.76 NOTE
r-devel-windows-x86_64 0.5.2 18.00 66.00 84.00 OK
r-patched-linux-x86_64 0.5.2 3.92 45.63 49.55 NOTE
r-release-linux-x86_64 0.5.2 NOTE
r-release-macos-arm64 0.5.2 20.00 OK
r-release-macos-x86_64 0.5.2 29.00 NOTE
r-release-windows-x86_64 0.5.2 16.00 64.00 80.00 OK
r-oldrel-macos-arm64 0.5.2 27.00 OK
r-oldrel-macos-x86_64 0.5.2 40.00 OK
r-oldrel-windows-ix86+x86_64 0.5.2 7.00 59.00 66.00 OK

Check Details

Version: 0.5.2
Check: package dependencies
Result: NOTE
    Package suggested but not available for checking: 'DiPs'
Flavors: r-devel-linux-x86_64-debian-clang, r-devel-linux-x86_64-debian-gcc, r-devel-linux-x86_64-fedora-clang, r-devel-linux-x86_64-fedora-gcc, r-patched-linux-x86_64, r-release-linux-x86_64, r-release-macos-x86_64