Last updated on 2023-12-07 04:01:50 CET.
Flavor | Version | Tinstall | Tcheck | Ttotal | Status | Flags |
---|---|---|---|---|---|---|
r-devel-linux-x86_64-debian-clang | 1.2.2 | 72.11 | 551.38 | 623.49 | OK | |
r-devel-linux-x86_64-debian-gcc | 1.2.2 | 56.86 | 413.18 | 470.04 | OK | |
r-devel-linux-x86_64-fedora-clang | 1.2.2 | 777.24 | OK | |||
r-devel-linux-x86_64-fedora-gcc | 1.2.2 | 762.04 | OK | |||
r-devel-windows-x86_64 | 1.2.2 | 60.00 | 357.00 | 417.00 | OK | |
r-patched-linux-x86_64 | 1.2.2 | 50.48 | 526.49 | 576.97 | OK | |
r-release-linux-x86_64 | 1.2.2 | 49.64 | 518.25 | 567.89 | OK | |
r-release-macos-arm64 | 1.2.2 | 194.00 | OK | |||
r-release-macos-x86_64 | 1.2.2 | 431.00 | OK | |||
r-release-windows-x86_64 | 1.2.2 | 84.00 | 480.00 | 564.00 | OK | |
r-oldrel-macos-arm64 | 1.2.2 | 195.00 | OK | |||
r-oldrel-macos-x86_64 | 1.2.1 | 250.00 | OK | |||
r-oldrel-windows-x86_64 | 1.2.2 | 18.00 | 9.00 | 27.00 | ERROR |
Version: 1.2.2
Check: whether package can be installed
Result: ERROR
Installation failed.
Flavor: r-oldrel-windows-x86_64