Last updated on 2022-05-27 04:56:36 CEST.
Flavor | Version | Tinstall | Tcheck | Ttotal | Status | Flags |
---|---|---|---|---|---|---|
r-devel-linux-x86_64-debian-clang | 1.0.6 | 6.60 | 172.99 | 179.59 | OK | |
r-devel-linux-x86_64-debian-gcc | 1.0.6 | 5.19 | 126.47 | 131.66 | OK | |
r-devel-linux-x86_64-fedora-clang | 1.0.6 | 210.90 | OK | |||
r-devel-linux-x86_64-fedora-gcc | 1.0.6 | 213.79 | OK | |||
r-devel-windows-x86_64 | 1.0.6 | 33.00 | 201.00 | 234.00 | OK | |
r-patched-linux-x86_64 | 1.0.6 | 7.46 | 163.44 | 170.90 | OK | |
r-release-linux-x86_64 | 1.0.6 | 5.68 | 163.99 | 169.67 | OK | |
r-release-macos-arm64 | 1.0.6 | 74.00 | OK | |||
r-release-macos-x86_64 | 1.0.6 | 86.00 | OK | |||
r-release-windows-x86_64 | 1.0.6 | 49.00 | 202.00 | 251.00 | OK | |
r-oldrel-macos-arm64 | 1.0.6 | 38.00 | NOTE | |||
r-oldrel-macos-x86_64 | 1.0.6 | 79.00 | OK | |||
r-oldrel-windows-ix86+x86_64 | 1.0.6 | 15.00 | 199.00 | 214.00 | OK |
Version: 1.0.6
Check: package dependencies
Result: NOTE
Package suggested but not available for checking: ‘IHW’
Flavor: r-oldrel-macos-arm64