CRAN Package Check Results for Package DCSmooth

Last updated on 2022-06-26 03:49:58 CEST.

Flavor Version Tinstall Tcheck Ttotal Status Flags
r-devel-linux-x86_64-debian-clang 1.1.2 211.94 292.50 504.44 OK
r-devel-linux-x86_64-debian-gcc 1.1.2 156.91 215.83 372.74 OK
r-devel-linux-x86_64-fedora-clang 1.1.2 671.40 NOTE
r-devel-linux-x86_64-fedora-gcc 1.1.2 658.63 OK
r-devel-windows-x86_64 1.1.2 178.00 361.00 539.00 OK
r-patched-linux-x86_64 1.1.2 169.80 280.92 450.72 OK
r-release-linux-x86_64 1.1.2 169.93 283.53 453.46 OK
r-release-macos-arm64 1.1.2 155.00 NOTE
r-release-macos-x86_64 1.1.2 234.00 NOTE
r-release-windows-x86_64 1.1.2 193.00 358.00 551.00 OK
r-oldrel-macos-arm64 1.1.2 166.00 NOTE
r-oldrel-macos-x86_64 1.1.2 192.00 NOTE
r-oldrel-windows-ix86+x86_64 1.1.2 495.00 583.00 1078.00 NOTE

Check Details

Version: 1.1.2
Check: installed package size
Result: NOTE
     installed size is 6.4Mb
     sub-directories of 1Mb or more:
     data 1.9Mb
     libs 3.8Mb
Flavors: r-devel-linux-x86_64-fedora-clang, r-release-macos-arm64, r-release-macos-x86_64, r-oldrel-macos-arm64, r-oldrel-macos-x86_64, r-oldrel-windows-ix86+x86_64