Last updated on 2022-05-18 15:49:00 CEST.
Flavor | Version | Tinstall | Tcheck | Ttotal | Status | Flags |
---|---|---|---|---|---|---|
r-devel-linux-x86_64-debian-clang | 1.0.8 | 48.29 | 182.78 | 231.07 | WARN | |
r-devel-linux-x86_64-debian-gcc | 1.0.8 | 37.43 | 134.96 | 172.39 | OK | |
r-devel-linux-x86_64-fedora-clang | 1.0.8 | 301.30 | WARN | |||
r-devel-linux-x86_64-fedora-gcc | 1.0.8 | 289.82 | OK | |||
r-devel-windows-x86_64 | 1.0.8 | 76.00 | 208.00 | 284.00 | OK | |
r-patched-linux-x86_64 | 1.0.8 | 33.43 | 174.02 | 207.45 | OK | |
r-release-linux-x86_64 | 1.0.8 | 30.61 | 175.05 | 205.66 | OK | |
r-release-macos-arm64 | 1.0.8 | 72.00 | OK | |||
r-release-macos-x86_64 | 1.0.8 | 126.00 | OK | |||
r-release-windows-x86_64 | 1.0.8 | 75.00 | 206.00 | 281.00 | OK | |
r-oldrel-macos-arm64 | 1.0.8 | 102.00 | OK | |||
r-oldrel-macos-x86_64 | 1.0.8 | 96.00 | OK | |||
r-oldrel-windows-ix86+x86_64 | 1.0.8 | 112.00 | 260.00 | 372.00 | OK |
Version: 1.0.8
Check: whether package can be installed
Result: WARN
Found the following significant warnings:
DCLEAR.cpp:54:5: warning: use of bitwise '&' with boolean operands [-Wbitwise-instead-of-logical]
DCLEAR.cpp:58:5: warning: use of bitwise '&' with boolean operands [-Wbitwise-instead-of-logical]
DCLEAR.cpp:71:5: warning: use of bitwise '&' with boolean operands [-Wbitwise-instead-of-logical]
DCLEAR.cpp:75:6: warning: use of bitwise '&' with boolean operands [-Wbitwise-instead-of-logical]
Flavors: r-devel-linux-x86_64-debian-clang, r-devel-linux-x86_64-fedora-clang