CRAN Package Check Results for Package DBI

Last updated on 2024-02-21 15:50:44 CET.

Flavor Version Tinstall Tcheck Ttotal Status Flags
r-devel-linux-x86_64-debian-clang 1.2.2 NOTE
r-devel-linux-x86_64-debian-gcc 1.2.2 6.25 71.70 77.95 OK
r-devel-linux-x86_64-fedora-clang 1.2.2 126.54 NOTE
r-devel-linux-x86_64-fedora-gcc 1.2.2 137.58 OK
r-devel-windows-x86_64 1.2.2 14.00 127.00 141.00 OK
r-patched-linux-x86_64 1.2.1 13.49 95.13 108.62 OK
r-release-linux-x86_64 1.2.2 8.28 91.65 99.93 OK
r-release-macos-arm64 1.2.2 88.00 OK
r-release-macos-x86_64 1.2.2 181.00 OK
r-release-windows-x86_64 1.2.2 16.00 130.00 146.00 OK
r-oldrel-macos-arm64 1.2.2 81.00 OK
r-oldrel-windows-x86_64 1.2.2 17.00 109.00 126.00 OK

Check Details

Version: 1.2.2
Check: package dependencies
Result: NOTE Package suggested but not available for checking: ‘arrow’ Flavors: r-devel-linux-x86_64-debian-clang, r-devel-linux-x86_64-fedora-clang

Version: 1.2.2
Check: Rd cross-references
Result: NOTE Undeclared package ‘withr’ in Rd xrefs Flavor: r-devel-linux-x86_64-fedora-clang