CRAN Package Check Results for Package DAP

Last updated on 2023-06-10 03:56:20 CEST.

Flavor Version Tinstall Tcheck Ttotal Status Flags
r-devel-linux-x86_64-debian-clang 1.0 3.03 24.28 27.31 NOTE
r-devel-linux-x86_64-debian-gcc 1.0 2.41 19.58 21.99 NOTE
r-devel-linux-x86_64-fedora-clang 1.0 35.54 NOTE
r-devel-linux-x86_64-fedora-gcc 1.0 33.24 NOTE
r-devel-windows-x86_64 1.0 10.00 44.00 54.00 NOTE
r-patched-linux-x86_64 1.0 3.40 23.96 27.36 NOTE
r-release-linux-x86_64 1.0 2.63 23.40 26.03 NOTE
r-release-macos-arm64 1.0 17.00 NOTE
r-release-macos-x86_64 1.0 22.00 NOTE
r-release-windows-x86_64 1.0 8.00 43.00 51.00 NOTE
r-oldrel-macos-arm64 1.0 18.00 NOTE
r-oldrel-macos-x86_64 1.0 23.00 NOTE
r-oldrel-windows-x86_64 1.0 7.00 45.00 52.00 NOTE

Check Details

Version: 1.0
Check: LazyData
Result: NOTE
     'LazyData' is specified without a 'data' directory
Flavors: r-devel-linux-x86_64-debian-clang, r-devel-linux-x86_64-debian-gcc, r-devel-linux-x86_64-fedora-clang, r-devel-linux-x86_64-fedora-gcc, r-devel-windows-x86_64, r-patched-linux-x86_64, r-release-linux-x86_64, r-release-macos-arm64, r-release-macos-x86_64, r-release-windows-x86_64, r-oldrel-macos-arm64, r-oldrel-macos-x86_64, r-oldrel-windows-x86_64