CRAN Package Check Results for Package DAP

Last updated on 2022-05-27 15:51:37 CEST.

Flavor Version Tinstall Tcheck Ttotal Status Flags
r-devel-linux-x86_64-debian-clang 1.0 2.65 34.13 36.78 NOTE
r-devel-linux-x86_64-debian-gcc 1.0 2.08 26.03 28.11 NOTE
r-devel-linux-x86_64-fedora-clang 1.0 44.82 NOTE
r-devel-linux-x86_64-fedora-gcc 1.0 43.20 NOTE
r-devel-windows-x86_64 1.0 16.00 50.00 66.00 NOTE
r-patched-linux-x86_64 1.0 2.98 32.48 35.46 NOTE
r-release-linux-x86_64 1.0 2.97 32.78 35.75 NOTE
r-release-macos-arm64 1.0 16.00 NOTE
r-release-macos-x86_64 1.0 23.00 NOTE
r-release-windows-x86_64 1.0 13.00 53.00 66.00 NOTE
r-oldrel-macos-arm64 1.0 17.00 NOTE
r-oldrel-macos-x86_64 1.0 29.00 NOTE
r-oldrel-windows-ix86+x86_64 1.0 10.00 53.00 63.00 NOTE

Check Details

Version: 1.0
Check: LazyData
Result: NOTE
     'LazyData' is specified without a 'data' directory
Flavors: r-devel-linux-x86_64-debian-clang, r-devel-linux-x86_64-debian-gcc, r-devel-linux-x86_64-fedora-clang, r-devel-linux-x86_64-fedora-gcc, r-devel-windows-x86_64, r-patched-linux-x86_64, r-release-linux-x86_64, r-release-macos-arm64, r-release-macos-x86_64, r-release-windows-x86_64, r-oldrel-macos-arm64, r-oldrel-macos-x86_64, r-oldrel-windows-ix86+x86_64