CRAN Package Check Results for Package DACF

Last updated on 2022-06-27 03:51:10 CEST.

Flavor Version Tinstall Tcheck Ttotal Status Flags
r-devel-linux-x86_64-debian-clang 1.0.0 1.43 25.28 26.71 NOTE
r-devel-linux-x86_64-debian-gcc 1.0.0 1.33 19.71 21.04 NOTE
r-devel-linux-x86_64-fedora-clang 1.0.0 45.14 NOTE
r-devel-linux-x86_64-fedora-gcc 1.0.0 45.36 NOTE
r-devel-windows-x86_64 1.0.0 12.00 54.00 66.00 NOTE
r-patched-linux-x86_64 1.0.0 2.40 24.42 26.82 NOTE
r-release-linux-x86_64 1.0.0 2.28 24.68 26.96 NOTE
r-release-macos-arm64 1.0.0 16.00 NOTE
r-release-macos-x86_64 1.0.0 23.00 NOTE
r-release-windows-x86_64 1.0.0 11.00 54.00 65.00 NOTE
r-oldrel-macos-arm64 1.0.0 16.00 NOTE
r-oldrel-macos-x86_64 1.0.0 27.00 NOTE
r-oldrel-windows-ix86+x86_64 1.0.0 6.00 43.00 49.00 NOTE

Check Details

Version: 1.0.0
Check: LazyData
Result: NOTE
     'LazyData' is specified without a 'data' directory
Flavors: r-devel-linux-x86_64-debian-clang, r-devel-linux-x86_64-debian-gcc, r-devel-linux-x86_64-fedora-clang, r-devel-linux-x86_64-fedora-gcc, r-devel-windows-x86_64, r-patched-linux-x86_64, r-release-linux-x86_64, r-release-macos-arm64, r-release-macos-x86_64, r-release-windows-x86_64, r-oldrel-macos-arm64, r-oldrel-macos-x86_64, r-oldrel-windows-ix86+x86_64