Last updated on 2022-05-16 03:53:29 CEST.
Flavor | Version | Tinstall | Tcheck | Ttotal | Status | Flags |
---|---|---|---|---|---|---|
r-devel-linux-x86_64-debian-clang | 1.24 | 11.09 | 127.65 | 138.74 | NOTE | |
r-devel-linux-x86_64-debian-gcc | 1.24 | 6.84 | 98.15 | 104.99 | NOTE | |
r-devel-linux-x86_64-fedora-clang | 1.24 | 173.08 | NOTE | |||
r-devel-linux-x86_64-fedora-gcc | 1.24 | 161.05 | NOTE | |||
r-devel-windows-x86_64 | 1.24 | 87.00 | 239.00 | 326.00 | NOTE | |
r-patched-linux-x86_64 | 1.24 | 12.51 | 119.12 | 131.63 | OK | |
r-release-linux-x86_64 | 1.24 | 7.56 | 120.27 | 127.83 | OK | |
r-release-macos-arm64 | 1.24 | 45.00 | OK | |||
r-release-macos-x86_64 | 1.24 | 76.00 | OK | |||
r-release-windows-x86_64 | 1.24 | 102.00 | 239.00 | 341.00 | OK | |
r-oldrel-macos-arm64 | 1.24 | 54.00 | OK | |||
r-oldrel-macos-x86_64 | 1.24 | 99.00 | OK | |||
r-oldrel-windows-ix86+x86_64 | 1.24 | 18.00 | 173.00 | 191.00 | OK |
Version: 1.24
Check: Rd files
Result: NOTE
checkRd: (7) capstring.Rd:16: \item in \value must have non-empty label
checkRd: (7) excessRisk.Rd:40: \item in \value must have non-empty label
checkRd: (7) excessRisk.Rd:41: \item in \value must have non-empty label
checkRd: (7) excessRisk.Rd:42: \item in \value must have non-empty label
checkRd: (7) excessRisk.Rd:43: \item in \value must have non-empty label
checkRd: (7) excessRisk.Rd:44: \item in \value must have non-empty label
checkRd: (7) excessRisk.Rd:45: \item in \value must have non-empty label
checkRd: (7) excessRisk.Rd:46-51: \item in \value must have non-empty label
Flavors: r-devel-linux-x86_64-debian-clang, r-devel-linux-x86_64-debian-gcc, r-devel-linux-x86_64-fedora-clang, r-devel-linux-x86_64-fedora-gcc, r-devel-windows-x86_64
Version: 1.24
Check: HTML version of manual
Result: NOTE
Found the following problems:
capstring.Rd:48:38: Warning: trimming empty <code>
excessRisk.Rd:90:38: Warning: trimming empty <code>
excessRisk.Rd:94:38: Warning: trimming empty <code>
excessRisk.Rd:98:38: Warning: trimming empty <code>
excessRisk.Rd:102:38: Warning: trimming empty <code>
excessRisk.Rd:106:38: Warning: trimming empty <code>
excessRisk.Rd:110:38: Warning: trimming empty <code>
excessRisk.Rd:114:38: Warning: trimming empty <code>
Flavors: r-devel-linux-x86_64-debian-clang, r-devel-linux-x86_64-debian-gcc