Last updated on 2022-05-27 15:51:37 CEST.
Flavor | Version | Tinstall | Tcheck | Ttotal | Status | Flags |
---|---|---|---|---|---|---|
r-devel-linux-x86_64-debian-clang | 2.60 | 7.55 | 91.91 | 99.46 | OK | |
r-devel-linux-x86_64-debian-gcc | 2.60 | 4.28 | 74.66 | 78.94 | OK | |
r-devel-linux-x86_64-fedora-clang | 2.60 | 121.05 | OK | |||
r-devel-linux-x86_64-fedora-gcc | 2.60 | 118.72 | OK | |||
r-devel-windows-x86_64 | 2.60 | 26.00 | 123.00 | 149.00 | OK | |
r-patched-linux-x86_64 | 2.60 | 7.79 | 89.07 | 96.86 | OK | |
r-release-linux-x86_64 | 2.60 | 6.97 | 90.27 | 97.24 | OK | |
r-release-macos-arm64 | 2.60 | 44.00 | NOTE | |||
r-release-macos-x86_64 | 2.60 | 56.00 | OK | |||
r-release-windows-x86_64 | 2.60 | 27.00 | 122.00 | 149.00 | OK | |
r-oldrel-macos-arm64 | 2.60 | 55.00 | NOTE | |||
r-oldrel-macos-x86_64 | 2.60 | 86.00 | OK | |||
r-oldrel-windows-ix86+x86_64 | 2.60 | 12.00 | 112.00 | 124.00 | OK |
Version: 2.60
Check: package dependencies
Result: NOTE
Package suggested but not available for checking: ‘qvalue’
Flavors: r-release-macos-arm64, r-oldrel-macos-arm64