Last updated on 2022-06-30 03:53:20 CEST.
Flavor | Version | Tinstall | Tcheck | Ttotal | Status | Flags |
---|---|---|---|---|---|---|
r-devel-linux-x86_64-debian-clang | 0.5.4 | 76.40 | 102.68 | 179.08 | NOTE | |
r-devel-linux-x86_64-debian-gcc | 0.5.4 | 63.38 | 77.45 | 140.83 | NOTE | |
r-devel-linux-x86_64-fedora-clang | 0.5.4 | 255.08 | NOTE | |||
r-devel-linux-x86_64-fedora-gcc | 0.5.4 | 247.14 | NOTE | |||
r-devel-windows-x86_64 | 0.5.4 | 89.00 | 167.00 | 256.00 | NOTE | |
r-patched-linux-x86_64 | 0.5.4 | 67.50 | 99.84 | 167.34 | OK | |
r-release-linux-x86_64 | 0.5.4 | 72.75 | 96.93 | 169.68 | OK | |
r-release-macos-arm64 | 0.5.4 | 61.00 | OK | |||
r-release-macos-x86_64 | 0.5.4 | 119.00 | OK | |||
r-release-windows-x86_64 | 0.5.4 | 92.00 | 159.00 | 251.00 | OK | |
r-oldrel-macos-arm64 | 0.5.4 | 69.00 | OK | |||
r-oldrel-macos-x86_64 | 0.5.4 | 87.00 | OK | |||
r-oldrel-windows-ix86+x86_64 | 0.5.4 | 192.00 | 191.00 | 383.00 | OK |
Version: 0.5.4
Check: Rd files
Result: NOTE
checkRd: (-1) DiagTest1.2015Lan.Rd:42: Escaped LaTeX specials: \&
Flavors: r-devel-linux-x86_64-debian-clang, r-devel-linux-x86_64-debian-gcc, r-devel-linux-x86_64-fedora-clang, r-devel-linux-x86_64-fedora-gcc, r-devel-windows-x86_64