CRAN Package Check Results for Package ConsReg

Last updated on 2024-06-25 05:00:53 CEST.

Flavor Version Tinstall Tcheck Ttotal Status Flags
r-devel-linux-x86_64-debian-clang 0.1.0 6.84 59.24 66.08 OK
r-devel-linux-x86_64-debian-gcc 0.1.0 4.30 43.28 47.58 OK
r-devel-linux-x86_64-fedora-clang 0.1.0 80.31 NOTE
r-devel-linux-x86_64-fedora-gcc 0.1.0 97.11 NOTE
r-devel-windows-x86_64 0.1.0 8.00 70.00 78.00 OK
r-patched-linux-x86_64 0.1.0 3.73 56.23 59.96 OK
r-release-linux-x86_64 0.1.0 4.63 55.66 60.29 OK
r-release-macos-arm64 0.1.0 35.00 OK
r-release-macos-x86_64 0.1.0 60.00 OK
r-release-windows-x86_64 0.1.0 8.00 68.00 76.00 OK
r-oldrel-macos-arm64 0.1.0 37.00 OK
r-oldrel-macos-x86_64 0.1.0 49.00 OK
r-oldrel-windows-x86_64 0.1.0 10.00 79.00 89.00 OK

Check Details

Version: 0.1.0
Check: compiled code
Result: NOTE File ‘ConsReg/libs/ConsReg.so’: Found no calls to: ‘R_registerRoutines’, ‘R_useDynamicSymbols’ It is good practice to register native routines and to disable symbol search. See ‘Writing portable packages’ in the ‘Writing R Extensions’ manual. Flavors: r-devel-linux-x86_64-fedora-clang, r-devel-linux-x86_64-fedora-gcc