CRAN Package Check Results for Package Conigrave

Last updated on 2022-05-24 15:52:43 CEST.

Flavor Version Tinstall Tcheck Ttotal Status Flags
r-devel-linux-x86_64-debian-clang 0.4.4 9.76 92.86 102.62 NOTE
r-devel-linux-x86_64-debian-gcc 0.4.4 7.86 68.08 75.94 NOTE
r-devel-linux-x86_64-fedora-clang 0.4.4 121.76 NOTE
r-devel-linux-x86_64-fedora-gcc 0.4.4 121.75 NOTE
r-devel-windows-x86_64 0.4.4 15.00 105.00 120.00 NOTE
r-patched-linux-x86_64 0.4.4 5.97 86.11 92.08 NOTE
r-release-linux-x86_64 0.4.4 NOTE
r-release-macos-arm64 0.4.4 32.00 NOTE
r-release-macos-x86_64 0.4.4 67.00 NOTE
r-release-windows-x86_64 0.4.4 16.00 103.00 119.00 NOTE
r-oldrel-macos-arm64 0.4.4 36.00 NOTE
r-oldrel-macos-x86_64 0.4.4 52.00 NOTE
r-oldrel-windows-ix86+x86_64 0.4.4 21.00 99.00 120.00 NOTE

Check Details

Version: 0.4.4
Check: LazyData
Result: NOTE
     'LazyData' is specified without a 'data' directory
Flavors: r-devel-linux-x86_64-debian-clang, r-devel-linux-x86_64-debian-gcc, r-devel-linux-x86_64-fedora-clang, r-devel-linux-x86_64-fedora-gcc, r-devel-windows-x86_64, r-patched-linux-x86_64, r-release-linux-x86_64, r-release-macos-arm64, r-release-macos-x86_64, r-release-windows-x86_64, r-oldrel-macos-arm64, r-oldrel-macos-x86_64, r-oldrel-windows-ix86+x86_64