Last updated on 2022-05-19 15:53:14 CEST.
Flavor | Version | Tinstall | Tcheck | Ttotal | Status | Flags |
---|---|---|---|---|---|---|
r-devel-linux-x86_64-debian-clang | 0.2.6.2 | 11.15 | 132.97 | 144.12 | NOTE | |
r-devel-linux-x86_64-debian-gcc | 0.2.6.2 | 8.82 | 99.76 | 108.58 | NOTE | |
r-devel-linux-x86_64-fedora-clang | 0.2.6.2 | 170.98 | NOTE | |||
r-devel-linux-x86_64-fedora-gcc | 0.2.6.2 | 164.94 | NOTE | |||
r-devel-windows-x86_64 | 0.2.6.2 | 120.00 | 138.00 | 258.00 | NOTE | |
r-patched-linux-x86_64 | 0.2.6.2 | 12.75 | 11.21 | 23.96 | FAIL | |
r-release-linux-x86_64 | 0.2.6.2 | 10.57 | 127.29 | 137.86 | NOTE | |
r-release-macos-arm64 | 0.2.6.2 | 38.00 | NOTE | |||
r-release-macos-x86_64 | 0.2.6.2 | 63.00 | NOTE | |||
r-release-windows-x86_64 | 0.2.6.2 | 149.00 | 143.00 | 292.00 | NOTE | |
r-oldrel-macos-arm64 | 0.2.6.2 | 42.00 | NOTE | |||
r-oldrel-macos-x86_64 | 0.2.6.2 | 91.00 | NOTE | |||
r-oldrel-windows-ix86+x86_64 | 0.2.6.2 | 22.00 | 141.00 | 163.00 | OK |
Version: 0.2.6.2
Check: package dependencies
Result: NOTE
Package suggested but not available for checking: 'CAM'
Flavors: r-devel-linux-x86_64-debian-clang, r-devel-linux-x86_64-debian-gcc, r-devel-linux-x86_64-fedora-clang, r-devel-linux-x86_64-fedora-gcc, r-devel-windows-x86_64, r-release-linux-x86_64, r-release-macos-x86_64, r-release-windows-x86_64, r-oldrel-macos-x86_64
Version: 0.2.6.2
Check: package dependencies
Result: FAIL
Flavor: r-patched-linux-x86_64
Version: 0.2.6.2
Check: package dependencies
Result: NOTE
Packages suggested but not available for checking: 'pcalg', 'CAM'
Flavors: r-release-macos-arm64, r-oldrel-macos-arm64