CRAN Package Check Results for Package ColorNameR

Last updated on 2022-09-28 15:49:50 CEST.

Flavor Version Tinstall Tcheck Ttotal Status Flags
r-devel-linux-x86_64-debian-clang 0.1.0 3.13 41.70 44.83 OK
r-devel-linux-x86_64-debian-gcc 0.1.0 2.55 31.28 33.83 OK
r-devel-linux-x86_64-fedora-clang 0.1.0 66.27 NOTE
r-devel-linux-x86_64-fedora-gcc 0.1.0 63.33 NOTE
r-devel-windows-x86_64 0.1.0 19.00 70.00 89.00 OK
r-patched-linux-x86_64 0.1.0 2.20 39.56 41.76 OK
r-release-linux-x86_64 0.1.0 2.38 38.88 41.26 OK
r-release-macos-arm64 0.1.0 18.00 NOTE
r-release-macos-x86_64 0.1.0 35.00 NOTE
r-release-windows-x86_64 0.1.0 13.00 65.00 78.00 OK
r-oldrel-macos-arm64 0.1.0 26.00 NOTE
r-oldrel-macos-x86_64 0.1.0 24.00 NOTE
r-oldrel-windows-ix86+x86_64 0.1.0 7.00 65.00 72.00 OK

Check Details

Version: 0.1.0
Check: data for non-ASCII characters
Result: NOTE
     Note: found 742 marked UTF-8 strings
Flavors: r-devel-linux-x86_64-fedora-clang, r-devel-linux-x86_64-fedora-gcc, r-release-macos-arm64, r-release-macos-x86_64, r-oldrel-macos-arm64, r-oldrel-macos-x86_64