CRAN Package Check Results for Package CircMLE

Last updated on 2022-08-10 04:53:57 CEST.

Flavor Version Tinstall Tcheck Ttotal Status Flags
r-devel-linux-x86_64-debian-clang 0.3.0 4.62 58.34 62.96 NOTE
r-devel-linux-x86_64-debian-gcc 0.3.0 3.79 43.42 47.21 NOTE
r-devel-linux-x86_64-fedora-clang 0.3.0 86.83 NOTE
r-devel-linux-x86_64-fedora-gcc 0.3.0 87.87 NOTE
r-devel-windows-x86_64 0.3.0 9.00 81.00 90.00 NOTE
r-patched-linux-x86_64 0.3.0 3.88 55.41 59.29 NOTE
r-release-linux-x86_64 0.3.0 NOTE
r-release-macos-arm64 0.3.0 23.00 NOTE
r-release-macos-x86_64 0.3.0 36.00 NOTE
r-release-windows-x86_64 0.3.0 9.00 81.00 90.00 NOTE
r-oldrel-macos-arm64 0.3.0 26.00 NOTE
r-oldrel-macos-x86_64 0.3.0 51.00 NOTE
r-oldrel-windows-ix86+x86_64 0.3.0 10.00 81.00 91.00 NOTE

Check Details

Version: 0.3.0
Check: LazyData
Result: NOTE
     'LazyData' is specified without a 'data' directory
Flavors: r-devel-linux-x86_64-debian-clang, r-devel-linux-x86_64-debian-gcc, r-devel-linux-x86_64-fedora-clang, r-devel-linux-x86_64-fedora-gcc, r-devel-windows-x86_64, r-patched-linux-x86_64, r-release-linux-x86_64, r-release-macos-arm64, r-release-macos-x86_64, r-release-windows-x86_64, r-oldrel-macos-arm64, r-oldrel-macos-x86_64, r-oldrel-windows-ix86+x86_64