CRAN Package Check Results for Package CamelUp

Last updated on 2022-05-26 15:53:06 CEST.

Flavor Version Tinstall Tcheck Ttotal Status Flags
r-devel-linux-x86_64-debian-clang 2.0.3 106.18 102.12 208.30 NOTE
r-devel-linux-x86_64-debian-gcc 2.0.3 97.92 88.10 186.02 NOTE
r-devel-linux-x86_64-fedora-clang 2.0.3 297.84 NOTE
r-devel-linux-x86_64-fedora-gcc 2.0.3 295.49 NOTE
r-devel-windows-x86_64 2.0.3 91.00 134.00 225.00 NOTE
r-patched-linux-x86_64 2.0.3 106.02 95.75 201.77 NOTE
r-release-linux-x86_64 2.0.3 NOTE
r-release-macos-arm64 2.0.3 70.00 NOTE
r-release-macos-x86_64 2.0.3 118.00 NOTE
r-release-windows-x86_64 2.0.3 88.00 138.00 226.00 NOTE
r-oldrel-macos-arm64 2.0.3 76.00 NOTE
r-oldrel-macos-x86_64 2.0.3 114.00 NOTE
r-oldrel-windows-ix86+x86_64 2.0.3 261.00 164.00 425.00 NOTE

Check Details

Version: 2.0.3
Check: LazyData
Result: NOTE
     'LazyData' is specified without a 'data' directory
Flavors: r-devel-linux-x86_64-debian-clang, r-devel-linux-x86_64-debian-gcc, r-devel-linux-x86_64-fedora-clang, r-devel-linux-x86_64-fedora-gcc, r-devel-windows-x86_64, r-patched-linux-x86_64, r-release-linux-x86_64, r-release-macos-arm64, r-release-macos-x86_64, r-release-windows-x86_64, r-oldrel-macos-arm64, r-oldrel-macos-x86_64, r-oldrel-windows-ix86+x86_64

Version: 2.0.3
Check: installed package size
Result: NOTE
     installed size is 7.9Mb
     sub-directories of 1Mb or more:
     libs 7.6Mb
Flavors: r-devel-linux-x86_64-fedora-clang, r-release-macos-arm64, r-release-macos-x86_64, r-oldrel-macos-arm64, r-oldrel-macos-x86_64