CRAN Package Check Results for Package CVglasso

Last updated on 2022-08-10 04:53:58 CEST.

Flavor Version Tinstall Tcheck Ttotal Status Flags
r-devel-linux-x86_64-debian-clang 1.0 6.01 58.53 64.54 NOTE
r-devel-linux-x86_64-debian-gcc 1.0 5.15 44.22 49.37 NOTE
r-devel-linux-x86_64-fedora-clang 1.0 89.89 NOTE
r-devel-linux-x86_64-fedora-gcc 1.0 87.09 NOTE
r-devel-windows-x86_64 1.0 10.00 87.00 97.00 NOTE
r-patched-linux-x86_64 1.0 6.26 55.02 61.28 NOTE
r-release-linux-x86_64 1.0 NOTE
r-release-macos-arm64 1.0 29.00 NOTE
r-release-macos-x86_64 1.0 49.00 NOTE
r-release-windows-x86_64 1.0 14.00 92.00 106.00 NOTE
r-oldrel-macos-arm64 1.0 34.00 NOTE
r-oldrel-macos-x86_64 1.0 51.00 NOTE
r-oldrel-windows-ix86+x86_64 1.0 16.00 89.00 105.00 NOTE

Check Details

Version: 1.0
Check: LazyData
Result: NOTE
     'LazyData' is specified without a 'data' directory
Flavors: r-devel-linux-x86_64-debian-clang, r-devel-linux-x86_64-debian-gcc, r-devel-linux-x86_64-fedora-clang, r-devel-linux-x86_64-fedora-gcc, r-devel-windows-x86_64, r-patched-linux-x86_64, r-release-linux-x86_64, r-release-macos-arm64, r-release-macos-x86_64, r-release-windows-x86_64, r-oldrel-macos-arm64, r-oldrel-macos-x86_64, r-oldrel-windows-ix86+x86_64