CRAN Package Check Results for Package CTT

Last updated on 2022-08-07 15:55:47 CEST.

Flavor Version Tinstall Tcheck Ttotal Status Flags
r-devel-linux-x86_64-debian-clang 2.3.3 2.73 27.23 29.96 NOTE
r-devel-linux-x86_64-debian-gcc 2.3.3 2.32 21.28 23.60 NOTE
r-devel-linux-x86_64-fedora-clang 2.3.3 48.72 NOTE
r-devel-linux-x86_64-fedora-gcc 2.3.3 46.00 NOTE
r-devel-windows-x86_64 2.3.3 13.00 48.00 61.00 OK
r-patched-linux-x86_64 2.3.3 2.92 26.87 29.79 NOTE
r-release-linux-x86_64 2.3.3 2.75 26.76 29.51 NOTE
r-release-macos-arm64 2.3.3 16.00 OK
r-release-macos-x86_64 2.3.3 22.00 OK
r-release-windows-x86_64 2.3.3 8.00 47.00 55.00 OK
r-oldrel-macos-arm64 2.3.3 20.00 OK
r-oldrel-macos-x86_64 2.3.3 30.00 OK
r-oldrel-windows-ix86+x86_64 2.3.3 6.00 38.00 44.00 OK

Check Details

Version: 2.3.3
Check: for non-standard things in the check directory
Result: NOTE
    Found the following files/directories:
     'Hello.csv'
Flavors: r-devel-linux-x86_64-debian-clang, r-devel-linux-x86_64-debian-gcc, r-devel-linux-x86_64-fedora-clang, r-devel-linux-x86_64-fedora-gcc, r-patched-linux-x86_64, r-release-linux-x86_64