CRAN Package Check Results for Package CPAT

Last updated on 2022-05-19 04:51:01 CEST.

Flavor Version Tinstall Tcheck Ttotal Status Flags
r-devel-linux-x86_64-debian-clang 0.1.0 32.36 101.63 133.99 OK
r-devel-linux-x86_64-debian-gcc 0.1.0 31.12 64.88 96.00 OK
r-devel-linux-x86_64-fedora-clang 0.1.0 180.75 NOTE
r-devel-linux-x86_64-fedora-gcc 0.1.0 156.32 NOTE
r-devel-windows-x86_64 0.1.0 45.00 135.00 180.00 OK
r-patched-linux-x86_64 0.1.0 33.47 82.89 116.36 OK
r-release-linux-x86_64 0.1.0 31.83 84.46 116.29 OK
r-release-macos-arm64 0.1.0 49.00 NOTE
r-release-macos-x86_64 0.1.0 79.00 NOTE
r-release-windows-x86_64 0.1.0 68.00 138.00 206.00 OK
r-oldrel-macos-arm64 0.1.0 55.00 NOTE
r-oldrel-macos-x86_64 0.1.0 113.00 NOTE
r-oldrel-windows-ix86+x86_64 0.1.0 95.00 200.00 295.00 OK

Check Details

Version: 0.1.0
Check: dependencies in R code
Result: NOTE
    Namespaces in Imports field not imported from:
     ‘Rdpack’ ‘grDevices’
     All declared Imports should be used.
Flavors: r-devel-linux-x86_64-fedora-clang, r-devel-linux-x86_64-fedora-gcc, r-release-macos-arm64, r-release-macos-x86_64, r-oldrel-macos-arm64, r-oldrel-macos-x86_64