CRAN Package Check Results for Package CNLTreg

Last updated on 2022-05-27 04:56:34 CEST.

Flavor Version Tinstall Tcheck Ttotal Status Flags
r-devel-linux-x86_64-debian-clang 0.1-2 3.14 39.17 42.31 OK
r-devel-linux-x86_64-debian-gcc 0.1-2 2.12 29.69 31.81 OK
r-devel-linux-x86_64-fedora-clang 0.1-2 49.28 NOTE
r-devel-linux-x86_64-fedora-gcc 0.1-2 52.04 OK
r-devel-windows-x86_64 0.1-2 12.00 54.00 66.00 OK
r-patched-linux-x86_64 0.1-2 2.71 37.46 40.17 OK
r-release-linux-x86_64 0.1-2 2.86 37.48 40.34 OK
r-release-macos-arm64 0.1-2 15.00 OK
r-release-macos-x86_64 0.1-2 22.00 OK
r-release-windows-x86_64 0.1-2 11.00 54.00 65.00 OK
r-oldrel-macos-arm64 0.1-2 24.00 OK
r-oldrel-macos-x86_64 0.1-2 24.00 OK
r-oldrel-windows-ix86+x86_64 0.1-2 7.00 49.00 56.00 OK

Check Details

Version: 0.1-2
Check: Rd cross-references
Result: NOTE
    Undeclared package ‘wavethresh’ in Rd xrefs
Flavor: r-devel-linux-x86_64-fedora-clang